CRAN Package Check Results for Package bfsMaps

Last updated on 2020-09-27 12:48:31 CEST.

Flavor Version Tinstall Tcheck Ttotal Status Flags
r-devel-linux-x86_64-debian-clang 0.9.4 15.03 161.23 176.26 OK
r-devel-linux-x86_64-debian-gcc 0.9.4 13.83 121.05 134.88 OK
r-devel-linux-x86_64-fedora-clang 0.9.4 224.01 NOTE
r-devel-linux-x86_64-fedora-gcc 0.9.4 211.70 NOTE
r-devel-windows-ix86+x86_64 0.9.4 46.00 203.00 249.00 WARN
r-patched-linux-x86_64 0.9.4 15.60 149.15 164.75 OK
r-patched-solaris-x86 0.9.4 286.50 NOTE
r-release-linux-x86_64 0.9.4 14.92 151.55 166.47 OK
r-release-macos-x86_64 0.9.4 NOTE
r-release-windows-ix86+x86_64 0.9.4 45.00 218.00 263.00 OK
r-oldrel-macos-x86_64 0.9.4 NOTE
r-oldrel-windows-ix86+x86_64 0.9.4 40.00 199.00 239.00 OK

Check Details

Version: 0.9.4
Check: data for non-ASCII characters
Result: NOTE
     Note: found 4 marked Latin-1 strings
     Note: found 611 marked UTF-8 strings
Flavors: r-devel-linux-x86_64-fedora-clang, r-devel-linux-x86_64-fedora-gcc, r-patched-solaris-x86, r-release-macos-x86_64, r-oldrel-macos-x86_64

Version: 0.9.4
Check: data for non-ASCII characters
Result: WARN
     Warning: found non-ASCII strings
     'Tr<fc>llikon' in object 'd.bfsrg'
     'Bachenb<fc>lach' in object 'd.bfsrg'
     'B<fc>lach' in object 'd.bfsrg'
     'H<f6>ri' in object 'd.bfsrg'
     'H<fc>ntwangen' in object 'd.bfsrg'
     'N<fc>rensdorf' in object 'd.bfsrg'
     'D<e4>llikon' in object 'd.bfsrg'
     'D<e4>nikon' in object 'd.bfsrg'
     'H<fc>ttikon' in object 'd.bfsrg'
     'R<fc>mlang' in object 'd.bfsrg'
     'Sch<f6>fflisdorf' in object 'd.bfsrg'
     'B<e4>retswil' in object 'd.bfsrg'
     'D<fc>rnten' in object 'd.bfsrg'
     'Gr<fc>ningen' in object 'd.bfsrg'
     'R<fc>ti (ZH)' in object 'd.bfsrg'
     'Seegr<e4>ben' in object 'd.bfsrg'
     'R<fc>schlikon' in object 'd.bfsrg'
     'K<fc>snacht (ZH)' in object 'd.bfsrg'
     'M<e4>nnedorf' in object 'd.bfsrg'
     'St<e4>fa' in object 'd.bfsrg'
     'Pf<e4>ffikon' in object 'd.bfsrg'
     'D<fc>bendorf' in object 'd.bfsrg'
     'F<e4>llanden' in object 'd.bfsrg'
     'M<f6>nchaltorf' in object 'd.bfsrg'
     'Wangen-Br<fc>ttisellen' in object 'd.bfsrg'
     'Br<fc>tten' in object 'd.bfsrg'
     'D<e4>gerlen' in object 'd.bfsrg'
     'D<e4>ttlikon' in object 'd.bfsrg'
     'Z<fc>rich' in object 'd.bfsrg'
     'W<e4>denswil' in object 'd.bfsrg'
     'Sch<fc>pfen' in object 'd.bfsrg'
     'R<fc>tschelen' in object 'd.bfsrg'
     'Schwarzh<e4>usern' in object 'd.bfsrg'
     'K<f6>niz' in object 'd.bfsrg'
     'B<fc>etigen' in object 'd.bfsrg'
     'B<fc>ren an der Aare' in object 'd.bfsrg'
     'Diessbach bei B<fc>ren' in object 'd.bfsrg'
     'Oberwil bei B<fc>ren' in object 'd.bfsrg'
     'R<fc>ti bei B<fc>ren' in object 'd.bfsrg'
     'B<e4>riswil' in object 'd.bfsrg'
     'H<f6>chstetten' in object 'd.bfsrg'
     'M<f6>tschwil' in object 'd.bfsrg'
     'R<fc>dtligen-Alchenfl<fc>h' in object 'd.bfsrg'
     'R<fc>ti bei Lyssach' in object 'd.bfsrg'
     'Corg<e9>mont' in object 'd.bfsrg'
     'Cort<e9>bert' in object 'd.bfsrg'
     'La Ferri<e8>re' in object 'd.bfsrg'
     'P<e9>ry-La Heutte' in object 'd.bfsrg'
     'Br<fc>ttelen' in object 'd.bfsrg'
     'L<fc>scherz' in object 'd.bfsrg'
     'M<fc>ntschemier' in object 'd.bfsrg'
     'B<e4>tterkinden' in object 'd.bfsrg'
     'Deisswil bei M<fc>nchenbuchsee' in object 'd.bfsrg'
     'M<fc>nchenbuchsee' in object 'd.bfsrg'
     'Urtenen-Sch<f6>nb<fc>hl' in object 'd.bfsrg'
     'B<f6>nigen' in object 'd.bfsrg'
     'D<e4>rligen' in object 'd.bfsrg'
     'G<fc>ndlischwand' in object 'd.bfsrg'
     'L<fc>tschental' in object 'd.bfsrg'
     'Grossh<f6>chstetten' in object 'd.bfsrg'
     'H<e4>utligen' in object 'd.bfsrg'
     'M<fc>nsingen' in object 'd.bfsrg'
     'Niederh<fc>nigen' in object 'd.bfsrg'
     'Z<e4>ziwil' in object 'd.bfsrg'
     'Oberh<fc>nigen' in object 'd.bfsrg'
     'Gurbr<fc>' in object 'd.bfsrg'
     'M<fc>hleberg' in object 'd.bfsrg'
     'M<fc>nchenwiler' in object 'd.bfsrg'
     'Cr<e9>mines' in object 'd.bfsrg'
     'Reb<e9>velier' in object 'd.bfsrg'
     'Br<fc>gg' in object 'd.bfsrg'
     'B<fc>hl' in object 'd.bfsrg'
     'M<f6>rigen' in object 'd.bfsrg'
     'T<e4>uffelen' in object 'd.bfsrg'
     'Twann-T<fc>scherz' in object 'd.bfsrg'
     'D<e4>rstetten' in object 'd.bfsrg'
     'Stocken-H<f6>fen' in object 'd.bfsrg'
     'R<fc>schegg' in object 'd.bfsrg'
     'R<fc>eggisberg' in object 'd.bfsrg'
     'R<fc>mligen' in object 'd.bfsrg'
     'R<f6>thenbach im Emmental' in object 'd.bfsrg'
     'R<fc>derswil' in object 'd.bfsrg'
     'Forst-L<e4>ngenb<fc>hl' in object 'd.bfsrg'
     'D<fc>rrenroth' in object 'd.bfsrg'
     'L<fc>tzelfl<fc>h' in object 'd.bfsrg'
     'R<fc>egsau' in object 'd.bfsrg'
     'Nieder<f6>nz' in object 'd.bfsrg'
     'Th<f6>rigen' in object 'd.bfsrg'
     'Fl<fc>hli' in object 'd.bfsrg'
     'Sch<fc>pfheim' in object 'd.bfsrg'
     'R<f6>merswil' in object 'd.bfsrg'
     'Berom<fc>nster' in object 'd.bfsrg'
     'B<fc>ron' in object 'd.bfsrg'
     'Altb<fc>ron' in object 'd.bfsrg'
     'Sch<f6>tz' in object 'd.bfsrg'
     'B<fc>rglen (UR)' in object 'd.bfsrg'
     'Fl<fc>elen' in object 'd.bfsrg'
     'G<f6>schenen' in object 'd.bfsrg'
     'Untersch<e4>chen' in object 'd.bfsrg'
     'K<fc>ssnacht (SZ)' in object 'd.bfsrg'
     'Sch<fc>belbach' in object 'd.bfsrg'
     'Ennetb<fc>rgen' in object 'd.bfsrg'
     'Glarus S<fc>d' in object 'd.bfsrg'
     'H<fc>nenberg' in object 'd.bfsrg'
     'Ober<e4>geri' in object 'd.bfsrg'
     'Unter<e4>geri' in object 'd.bfsrg'
     'Ch<e2>tillon (FR)' in object 'd.bfsrg'
     'F<e9>tigny' in object 'd.bfsrg'
     'M<e9>ni<e8>res' in object 'd.bfsrg'
     'Pr<e9>vondavaux' in object 'd.bfsrg'
     'S<e9>vaz' in object 'd.bfsrg'
     'Cheyres-Ch<e2>bles' in object 'd.bfsrg'
     'Chapelle (Gl<e2>ne)' in object 'd.bfsrg'
     'Le Ch<e2>telard' in object 'd.bfsrg'
     'Ch<e2>tonnaye' in object 'd.bfsrg'
     'M<e9>zi<e8>res (FR)' in object 'd.bfsrg'
     'Montet (Gl<e2>ne)' in object 'd.bfsrg'
     'Ch<e2>tel-sur-Montsalvens' in object 'd.bfsrg'
     'Corbi<e8>res' in object 'd.bfsrg'
     'Cr<e9>suz' in object 'd.bfsrg'
     'Gruy<e8>res' in object 'd.bfsrg'
     'Le P<e2>quier (FR)' in object 'd.bfsrg'
     'S<e2>les' in object 'd.bfsrg'
     'Ch<e9>nens' in object 'd.bfsrg'
     'Sen<e8>des' in object 'd.bfsrg'
     'Villars-sur-Gl<e2>ne' in object 'd.bfsrg'
     'Fr<e4>schels' in object 'd.bfsrg'
     'Kleinb<f6>singen' in object 'd.bfsrg'
     'Br<fc>nisried' in object 'd.bfsrg'
     'D<fc>dingen' in object 'd.bfsrg'
     'B<f6>singen' in object 'd.bfsrg'
     'W<fc>nnewil-Flamatt' in object 'd.bfsrg'
     'Ch<e2>tel-Saint-Denis' in object 'd.bfsrg'
     'H<e4>rkingen' in object 'd.bfsrg'
     'G<e4>nsbrunnen' in object 'd.bfsrg'
     'M<fc>mliswil-Ramiswil' in object 'd.bfsrg'
     'L<fc>terkofen-Ichertswil' in object 'd.bfsrg'
     'L<fc>terswil-G<e4>chliwil' in object 'd.bfsrg'
     'L<fc>sslingen-Nennigkofen' in object 'd.bfsrg'
     'B<e4>ttwil' in object 'd.bfsrg'
     'B<fc>ren (SO)' in object 'd.bfsrg'
     'Hofstetten-Fl<fc>h' in object 'd.bfsrg'
     'Niederg<f6>sgen' in object 'd.bfsrg'
     'Oberg<f6>sgen' in object 'd.bfsrg'
     'St<fc>sslingen' in object 'd.bfsrg'
     'H<fc>niken' in object 'd.bfsrg'
     'Drei H<f6>fe' in object 'd.bfsrg'
     'Balm bei G<fc>nsberg' in object 'd.bfsrg'
     'G<fc>nsberg' in object 'd.bfsrg'
     'R<fc>ttenen' in object 'd.bfsrg'
     'D<e4>niken' in object 'd.bfsrg'
     'Eppenberg-W<f6>schnau' in object 'd.bfsrg'
     'H<e4>gendorf' in object 'd.bfsrg'
     'Sch<f6>nenwerd' in object 'd.bfsrg'
     'B<e4>rschwil' in object 'd.bfsrg'
     'B<fc>sserach' in object 'd.bfsrg'
     'Kleinl<fc>tzel' in object 'd.bfsrg'
     'M<fc>nchenstein' in object 'd.bfsrg'
     'Sch<f6>nenbuch' in object 'd.bfsrg'
     'R<f6>schenz' in object 'd.bfsrg'
     'F<fc>llinsdorf' in object 'd.bfsrg'
     'B<f6>ckten' in object 'd.bfsrg'
     'H<e4>felfingen' in object 'd.bfsrg'
     'K<e4>nerkinden' in object 'd.bfsrg'
     'L<e4>ufelfingen' in object 'd.bfsrg'
     'R<fc>mlingen' in object 'd.bfsrg'
     'R<fc>nenberg' in object 'd.bfsrg'
     'Th<fc>rnen' in object 'd.bfsrg'
     'H<f6>lstein' in object 'd.bfsrg'
     'G<e4>chlingen' in object 'd.bfsrg'
     'L<f6>hningen' in object 'd.bfsrg'
     'B<fc>ttenhardt' in object 'd.bfsrg'
     'D<f6>rflingen' in object 'd.bfsrg'
     'R<fc>dlingen' in object 'd.bfsrg'
     'Sch<f6>nengrund' in object 'd.bfsrg'
     'Urn<e4>sch' in object 'd.bfsrg'
     'B<fc>hler' in object 'd.bfsrg'
     'R<fc>te' in object 'd.bfsrg'
     'H<e4>ggenschwil' in object 'd.bfsrg'
     'M<f6>rschwil' in object 'd.bfsrg'
     'T<fc>bach' in object 'd.bfsrg'
     'Altst<e4>tten' in object 'd.bfsrg'
     'R<fc>thi (SG)' in object 'd.bfsrg'
     'Pf<e4>fers' in object 'd.bfsrg'
     'Sch<e4>nis' in object 'd.bfsrg'
     'L<fc>tisburg' in object 'd.bfsrg'
     'B<fc>tschwil-Ganterschwil' in object 'd.bfsrg'
     'Niederb<fc>ren' in object 'd.bfsrg'
     'Oberb<fc>ren' in object 'd.bfsrg'
     'Berg<fc>n Filisur' in object 'd.bfsrg'
     'F<fc>rstenau' in object 'd.bfsrg'
     'Rh<e4>z<fc>ns' in object 'd.bfsrg'
     'Val M<fc>stair' in object 'd.bfsrg'
     'Conters im Pr<e4>ttigau' in object 'd.bfsrg'
     'K<fc>blis' in object 'd.bfsrg'
     'Fl<e4>sch' in object 'd.bfsrg'
     'Gr<fc>sch' in object 'd.bfsrg'
     'Seewis im Pr<e4>ttigau' in object 'd.bfsrg'
     'Disentis/Must<e9>r' in object 'd.bfsrg'
     'Densb<fc>ren' in object 'd.bfsrg'
     'Gr<e4>nichen' in object 'd.bfsrg'
     'K<fc>ttigen' in object 'd.bfsrg'
     'K<fc>nten' in object 'd.bfsrg'
     'M<e4>genwil' in object 'd.bfsrg'
     'W<fc>renlingen' in object 'd.bfsrg'
     'W<fc>renlos' in object 'd.bfsrg'
     'B<fc>ttikon' in object 'd.bfsrg'
     'Fischbach-G<f6>slikon' in object 'd.bfsrg'
     'H<e4>gglingen' in object 'd.bfsrg'
     'T<e4>gerig' in object 'd.bfsrg'
     'B<f6>zen' in object 'd.bfsrg'
     'M<f6>nthal' in object 'd.bfsrg'
     'M<fc>lligen' in object 'd.bfsrg'
     'R<fc>fenach' in object 'd.bfsrg'
     'B<f6>zberg' in object 'd.bfsrg'
     'D<fc>rren<e4>sch' in object 'd.bfsrg'
     'Sch<f6>ftland' in object 'd.bfsrg'
     'M<fc>nchwilen (AG)' in object 'd.bfsrg'
     'W<f6>lflinswil' in object 'd.bfsrg'
     'M<f6>riken-Wildegg' in object 'd.bfsrg'
     'Besenb<fc>ren' in object 'd.bfsrg'
     'B<fc>nzen' in object 'd.bfsrg'
     'M<fc>hlau' in object 'd.bfsrg'
     'Oberr<fc>ti' in object 'd.bfsrg'
     'M<f6>hlin' in object 'd.bfsrg'
     'K<f6>lliken' in object 'd.bfsrg'
     'B<f6>bikon' in object 'd.bfsrg'
     'B<f6>ttstein' in object 'd.bfsrg'
     'D<f6>ttingen' in object 'd.bfsrg'
     'R<fc>mikon' in object 'd.bfsrg'
     'Kradolf-Sch<f6>nenberg' in object 'd.bfsrg'
     'H<fc>ttlingen' in object 'd.bfsrg'
     'G<fc>ttingen' in object 'd.bfsrg'
     'M<fc>nsterlingen' in object 'd.bfsrg'
     'T<e4>gerwilen' in object 'd.bfsrg'
     'W<e4>ldi' in object 'd.bfsrg'
     'M<fc>nchwilen (TG)' in object 'd.bfsrg'
     'Sch<f6>nholzerswilen' in object 'd.bfsrg'
     'Tobel-T<e4>gerschen' in object 'd.bfsrg'
     'W<e4>ngi' in object 'd.bfsrg'
     'H<fc>ttwilen' in object 'd.bfsrg'
     'M<fc>llheim' in object 'd.bfsrg'
     'B<fc>rglen (TG)' in object 'd.bfsrg'
     'M<e4>rstetten' in object 'd.bfsrg'
     'Bi<e8>re' in object 'd.bfsrg'
     'F<e9>chy' in object 'd.bfsrg'
     'Ecl<e9>pens' in object 'd.bfsrg'
     'S<e9>very' in object 'd.bfsrg'
     'Etagni<e8>res' in object 'd.bfsrg'
     'Penth<e9>r<e9>az' in object 'd.bfsrg'
     'Saint-Barth<e9>lemy (VD)' in object 'd.bfsrg'
     'Goumo<eb>ns' in object 'd.bfsrg'
     'Corcelles-pr<e8>s-Concise' in object 'd.bfsrg'
     'T<e9>venon' in object 'd.bfsrg'
     'Jouxtens-M<e9>zery' in object 'd.bfsrg'
     'Chavannes-pr<e8>s-Renens' in object 'd.bfsrg'
     'Pr<e9>verenges' in object 'd.bfsrg'
     'Vufflens-le-Ch<e2>teau' in object 'd.bfsrg'
     'Pr<e9>vonloup' in object 'd.bfsrg'
     'Ch<e9>serex' in object 'd.bfsrg'
     'Crans-pr<e8>s-C<e9>ligny' in object 'd.bfsrg'
     'Tr<e9>lex' in object 'd.bfsrg'
     'Bretonni<e8>res' in object 'd.bfsrg'
     'Les Cl<e9>es' in object 'd.bfsrg'
     'Romainm<f4>tier-Envy' in object 'd.bfsrg'
     'Jorat-M<e9>zi<e8>res' in object 'd.bfsrg'
     'Corcelles-pr<e8>s-Payerne' in object 'd.bfsrg'
     'Ch<e2>teau-d'Oex' in object 'd.bfsrg'
     'Rossini<e8>re' in object 'd.bfsrg'
     'Saint-L<e9>gier-La Chi<e9>saz' in object 'd.bfsrg'
     'Chavannes-le-Ch<ea>ne' in object 'd.bfsrg'
     'Ch<ea>ne-P<e2>quier' in object 'd.bfsrg'
     'Cheseaux-Nor<e9>az' in object 'd.bfsrg'
     'D<e9>moret' in object 'd.bfsrg'
     'Montagny-pr<e8>s-Yverdon' in object 'd.bfsrg'
     'Susc<e9>vaz' in object 'd.bfsrg'
     'V<e9>troz' in object 'd.bfsrg'
     'Orsi<e8>res' in object 'd.bfsrg'
     'Voll<e8>ges' in object 'd.bfsrg'
     'Evol<e8>ne' in object 'd.bfsrg'
     'H<e9>r<e9>mence' in object 'd.bfsrg'
     'Is<e9>rables' in object 'd.bfsrg'
     'Champ<e9>ry' in object 'd.bfsrg'
     'B<fc>rchen' in object 'd.bfsrg'
     'Unterb<e4>ch' in object 'd.bfsrg'
     'Wiler (L<f6>tschen)' in object 'd.bfsrg'
     'M<f6>rel-Filet' in object 'd.bfsrg'
     'Dor<e9>naz' in object 'd.bfsrg'
     'V<e9>rossaz' in object 'd.bfsrg'
     'Gr<f4>ne' in object 'd.bfsrg'
     'Mi<e8>ge' in object 'd.bfsrg'
     'Saint-L<e9>onard' in object 'd.bfsrg'
     'Venth<f4>ne' in object 'd.bfsrg'
     'Savi<e8>se' in object 'd.bfsrg'
     'Gr<e4>chen' in object 'd.bfsrg'
     'T<e4>sch' in object 'd.bfsrg'
     'T<f6>rbel' in object 'd.bfsrg'
     'Corcelles-Cormondr<e8>che' in object 'd.bfsrg'
     'La Grande B<e9>roche' in object 'd.bfsrg'
     'La Br<e9>vine' in object 'd.bfsrg'
     'Le Cerneux-P<e9>quignot' in object 'd.bfsrg'
     'Ligni<e8>res' in object 'd.bfsrg'
     'Neuch<e2>tel' in object 'd.bfsrg'
     'La T<e8>ne' in object 'd.bfsrg'
     'La C<f4>te-aux-F<e9>es' in object 'd.bfsrg'
     'Les Verri<e8>res' in object 'd.bfsrg'
     'Ani<e8>res' in object 'd.bfsrg'
     'C<e9>ligny' in object 'd.bfsrg'
     'Ch<ea>ne-Bougeries' in object 'd.bfsrg'
     'Ch<ea>ne-Bourg' in object 'd.bfsrg'
     'Gen<e8>ve' in object 'd.bfsrg'
     'Pregny-Chamb<e9>sy' in object 'd.bfsrg'
     'Th<f4>nex' in object 'd.bfsrg'
     'Bo<e9>court' in object 'd.bfsrg'
     'Ch<e2>tillon (JU)' in object 'd.bfsrg'
     'Court<e9>telle' in object 'd.bfsrg'
     'Del<e9>mont' in object 'd.bfsrg'
     'Soyhi<e8>res' in object 'd.bfsrg'
     'Le B<e9>mont (JU)' in object 'd.bfsrg'
     'Saignel<e9>gier' in object 'd.bfsrg'
     'Beurnev<e9>sin' in object 'd.bfsrg'
     'H<f6>fe' in object 'd.bfsrg'
     'La Gl<e2>ne' in object 'd.bfsrg'
     'La Gruy<e8>re' in object 'd.bfsrg'
     'G<e4>u' in object 'd.bfsrg'
     'G<f6>sgen' in object 'd.bfsrg'
     'Engiadina B./Val M<fc>stair' in object 'd.bfsrg'
     'Pr<e4>ttigau / Davos' in object 'd.bfsrg'
     'M<fc>nchwilen' in object 'd.bfsrg'
     'H<e9>rens' in object 'd.bfsrg'
     'Cant. de Neuch<e2>tel' in object 'd.bfsrg'
     'Cant. de Gen<e8>ve' in object 'd.bfsrg'
     'R<e9>gion l<e9>manique' in object 'd.bfsrg'
     'Olten <96> Zofingen' in object 'd.bfsrg'
     'Rapperswil-Jona <96> R<fc>ti' in object 'd.bfsrg'
     'Baden <96> Brugg' in object 'd.bfsrg'
     'Arbon <96> Rorschach' in object 'd.bfsrg'
     'Amriswil <96> Romanshorn' in object 'd.bfsrg'
     'Chiasso <96> Mendrisio (CH)' in object 'd.bfsrg'
     'Vevey <96> Montreux' in object 'd.bfsrg'
     'Brig <96> Visp' in object 'd.bfsrg'
     'La Chaux-de-Fonds <96> Le Locle (CH)' in object 'd.bfsrg'
     'Gen<e8>ve (CH)' in object 'd.bfsrg'
     'Del<e9>mont (CH)' in object 'd.bfsrg'
     'Mels <96> Sargans' in object 'd.bfsrg'
     'D<f6>ttingen-B<f6>ttstein' in object 'd.bfsrg'
     'keine Agglomerationszugeh<f6>rigkeit' in object 'd.bfsrg'
     'L<e4>ndliche Gemeinde ohne st<e4>dtischen Charakter' in object 'd.bfsrg'
     'Agglomerationsg<fc>rtelgemeinde' in object 'd.bfsrg'
     'St<e4>dtisch' in object 'd.bfsrg'
     'Intermedi<e4>r (dichter periurbaner Raum und l<e4>ndliche Zentren)' in object 'd.bfsrg'
     'L<e4>ndlich' in object 'd.bfsrg'
     'St<e4>dtische Gemeinde einer grossen Agglomeration' in object 'd.bfsrg'
     'St<e4>dtische Gemeinde einer mittelgrossen Agglomeration' in object 'd.bfsrg'
     'St<e4>dtische Gemeinde einer kleinen oder ausserhalb einer Agglomeration' in object 'd.bfsrg'
     'L<e4>ndliche Zentrumsgemeinde' in object 'd.bfsrg'
     'L<e4>ndliche zentral gelegene Gemeinde' in object 'd.bfsrg'
     'L<e4>ndliche periphere Gemeinde' in object 'd.bfsrg'
     'St<e4>dtische Arbeitsplatzgemeinde einer grossen Agglomeration' in object 'd.bfsrg'
     'St<e4>dtische Wohngemeinde einer grossen Agglomeration' in object 'd.bfsrg'
     'St<e4>dtische Arbeitsplatzgemeinde einer mittelgrossen Agglomeration' in object 'd.bfsrg'
     'St<e4>dtische Wohngemeinde einer mittelgrossen Agglomeration' in object 'd.bfsrg'
     'St<e4>dtische Tourismusgemeinde einer kleinen oder ausserhalb einer Agglomeration' in object 'd.bfsrg'
     'St<e4>dtische Industriegemeinde einer kleinen oder ausserhalb einer Agglomeration' in object 'd.bfsrg'
     'St<e4>dtische Dienstleistungsgemeinde einer kleinen oder ausserhalb einer Agglomeration' in object 'd.bfsrg'
     'Tourismusgemeinde eines l<e4>ndlichen Zentrums' in object 'd.bfsrg'
     'Industriegemeinde eines l<e4>ndlichen Zentrums' in object 'd.bfsrg'
     'Dienstleistungsgemeinde eines l<e4>ndlichen Zentrums' in object 'd.bfsrg'
     'L<e4>ndliche zentral gelegene Agrargemeinde' in object 'd.bfsrg'
     'L<e4>ndliche zentral gelegene Industriegemeinde' in object 'd.bfsrg'
     'L<e4>ndliche zentral gelegene Dienstleistungsgemeinde' in object 'd.bfsrg'
     'L<e4>ndliche periphere Tourismusgemeinde' in object 'd.bfsrg'
     'L<e4>ndliche periphere Agrargemeinde' in object 'd.bfsrg'
     'L<e4>ndliche periphere Mischgemeinde' in object 'd.bfsrg'
     'Franz<f6>sisch' in object 'd.bfsrg'
     'R<e4>toromanisch' in object 'd.bfsrg'
     'Z<fc>rcher Oberland' in object 'd.bfsrg'
     'Z<fc>rcher Unterland' in object 'd.bfsrg'
     'March-H<f6>fe' in object 'd.bfsrg'
     'Gl<e2>ne-Veveyse' in object 'd.bfsrg'
     'Pr<e4>ttigau' in object 'd.bfsrg'
     'Mittelb<fc>nden' in object 'd.bfsrg'
     'La Vall<e9>e' in object 'd.bfsrg'
     'Region einer Grossagglomeration, terti<e4>r (ATG)' in object 'd.bfsrg'
     'Region einer Mittelagglomeration, terti<e4>r (ATM)' in object 'd.bfsrg'
Flavor: r-devel-windows-ix86+x86_64