CRAN Package Check Results for Package bggAnalytics

Last updated on 2021-05-05 21:48:28 CEST.

Flavor Version Tinstall Tcheck Ttotal Status Flags
r-devel-linux-x86_64-debian-clang 0.1.1 8.10 41.84 49.94 OK
r-devel-linux-x86_64-debian-gcc 0.1.1 5.15 31.10 36.25 OK
r-devel-linux-x86_64-fedora-clang 0.1.1 67.17 OK
r-devel-linux-x86_64-fedora-gcc 0.1.1 57.04 OK
r-devel-windows-ix86+x86_64 0.1.1 14.00 57.00 71.00 OK
r-devel-windows-x86_64-gcc10-UCRT 0.1.1 OK
r-patched-linux-x86_64 0.1.1 7.90 39.45 47.35 OK
r-patched-solaris-x86 0.1.1 88.00 OK
r-release-linux-x86_64 0.1.1 6.68 38.60 45.28 OK
r-release-macos-x86_64 0.1.1 OK
r-release-windows-ix86+x86_64 0.1.1 11.00 47.00 58.00 OK
r-oldrel-macos-x86_64 0.1.1 ERROR

Check Details

Version: 0.1.1
Check: whether package can be installed
Result: ERROR
    Installation failed.
Flavor: r-oldrel-macos-x86_64