CRAN Package Check Results for Package bhmbasket

Last updated on 2021-06-21 10:52:26 CEST.

Flavor Version Tinstall Tcheck Ttotal Status Flags
r-devel-linux-x86_64-debian-clang 0.9.2 5.24 67.99 73.23 OK
r-devel-linux-x86_64-debian-gcc 0.9.2 3.53 49.91 53.44 OK
r-devel-linux-x86_64-fedora-clang 0.9.2 91.41 OK
r-devel-linux-x86_64-fedora-gcc 0.9.2 82.65 OK
r-devel-windows-x86_64 0.9.2 7.00 77.00 84.00 OK
r-devel-windows-x86_64-gcc10-UCRT 0.9.2 OK
r-patched-linux-x86_64 0.9.2 5.93 64.12 70.05 OK
r-patched-solaris-x86 0.9.2 121.00 OK
r-release-linux-x86_64 0.9.2 5.05 64.64 69.69 OK
r-release-macos-arm64 0.9.2 ERROR
r-release-macos-x86_64 0.9.2 OK
r-release-windows-ix86+x86_64 0.9.2 8.00 86.00 94.00 OK
r-oldrel-macos-x86_64 0.9.2 OK

Check Details

Version: 0.9.2
Check: package dependencies
Result: ERROR
    Package required but not available: ‘R2jags’
    
    See section ‘The DESCRIPTION file’ in the ‘Writing R Extensions’
    manual.
Flavor: r-release-macos-arm64