CRAN Package Check Results for Package biClassify

Last updated on 2023-03-30 06:53:09 CEST.

Flavor Version Tinstall Tcheck Ttotal Status Flags
r-devel-linux-x86_64-debian-clang 1.3 32.94 79.53 112.47 NOTE
r-devel-linux-x86_64-debian-gcc 1.3 27.53 61.89 89.42 NOTE
r-devel-linux-x86_64-fedora-clang 1.3 157.88 NOTE
r-devel-linux-x86_64-fedora-gcc 1.3 156.19 NOTE
r-devel-windows-x86_64 1.3 51.00 146.00 197.00 NOTE
r-patched-linux-x86_64 1.3 29.66 77.89 107.55 NOTE
r-release-linux-x86_64 1.3 32.85 79.20 112.05 OK
r-release-macos-arm64 1.3 48.00 NOTE
r-release-macos-x86_64 1.3 82.00 NOTE
r-release-windows-x86_64 1.3 55.00 146.00 201.00 OK
r-oldrel-macos-arm64 1.3 45.00 NOTE
r-oldrel-macos-x86_64 1.3 119.00 NOTE
r-oldrel-windows-ix86+x86_64 1.3 92.00 176.00 268.00 OK

Check Details

Version: 1.3
Check: C++ specification
Result: NOTE
     Specified C++11: please drop specification unless essential
Flavors: r-devel-linux-x86_64-debian-clang, r-devel-linux-x86_64-debian-gcc, r-devel-linux-x86_64-fedora-clang, r-devel-linux-x86_64-fedora-gcc, r-devel-windows-x86_64, r-patched-linux-x86_64

Version: 1.3
Check: dependencies in R code
Result: NOTE
    Namespaces in Imports field not imported from:
     ‘DAAG’ ‘datasets’ ‘expm’ ‘mvtnorm’
     All declared Imports should be used.
Flavors: r-devel-linux-x86_64-fedora-clang, r-devel-linux-x86_64-fedora-gcc, r-release-macos-arm64, r-release-macos-x86_64, r-oldrel-macos-arm64, r-oldrel-macos-x86_64