CRAN Package Check Results for Package bib2df

Last updated on 2022-08-08 05:49:24 CEST.

Flavor Version Tinstall Tcheck Ttotal Status Flags
r-devel-linux-x86_64-debian-clang 1.1.1 5.54 63.62 69.16 NOTE
r-devel-linux-x86_64-debian-gcc 1.1.1 5.10 46.00 51.10 NOTE
r-devel-linux-x86_64-fedora-clang 1.1.1 93.09 NOTE
r-devel-linux-x86_64-fedora-gcc 1.1.1 88.68 NOTE
r-devel-windows-x86_64 1.1.1 16.00 86.00 102.00 NOTE
r-patched-linux-x86_64 1.1.1 6.37 58.73 65.10 NOTE
r-release-linux-x86_64 1.1.1 NOTE
r-release-macos-arm64 1.1.1 34.00 NOTE
r-release-macos-x86_64 1.1.1 69.00 NOTE
r-release-windows-x86_64 1.1.1 16.00 89.00 105.00 NOTE
r-oldrel-macos-arm64 1.1.1 31.00 NOTE
r-oldrel-macos-x86_64 1.1.1 59.00 NOTE
r-oldrel-windows-ix86+x86_64 1.1.1 16.00 79.00 95.00 NOTE

Check Details

Version: 1.1.1
Check: LazyData
Result: NOTE
     'LazyData' is specified without a 'data' directory
Flavors: r-devel-linux-x86_64-debian-clang, r-devel-linux-x86_64-debian-gcc, r-devel-linux-x86_64-fedora-clang, r-devel-linux-x86_64-fedora-gcc, r-devel-windows-x86_64, r-patched-linux-x86_64, r-release-linux-x86_64, r-release-macos-arm64, r-release-macos-x86_64, r-release-windows-x86_64, r-oldrel-macos-arm64, r-oldrel-macos-x86_64, r-oldrel-windows-ix86+x86_64