CRAN Package Check Results for Package bibliometrix

Last updated on 2017-07-21 01:50:25.

Flavor Version Tinstall Tcheck Ttotal Status Flags
r-devel-linux-x86_64-debian-clang 1.7 3.84 89.35 93.19 OK
r-devel-linux-x86_64-debian-gcc 1.7 3.96 86.94 90.90 OK
r-devel-linux-x86_64-fedora-clang 1.7 177.06 OK
r-devel-linux-x86_64-fedora-gcc 1.7 192.20 OK
r-devel-windows-ix86+x86_64 1.7 19.00 194.00 213.00 OK
r-patched-linux-x86_64 1.7 3.71 89.22 92.92 OK
r-patched-solaris-x86 1.7 3.90 ERROR
r-release-linux-x86_64 1.7 3.96 87.24 91.20 OK
r-release-windows-ix86+x86_64 1.7 20.00 190.00 210.00 OK
r-release-osx-x86_64 1.7 OK
r-oldrel-windows-ix86+x86_64 1.7 12.00 138.00 150.00 OK
r-oldrel-osx-x86_64 1.7 OK

Check Details

Version: 1.7
Check: package dependencies
Result: ERROR
    Package required but not available: ‘igraph’
    
    See section ‘The DESCRIPTION file’ in the ‘Writing R Extensions’
    manual.
Flavor: r-patched-solaris-x86