CRAN Package Check Results for Package bibliometrix

Last updated on 2019-07-16 07:50:37 CEST.

Flavor Version Tinstall Tcheck Ttotal Status Flags
r-devel-linux-x86_64-debian-clang 2.2.1 14.77 193.47 208.24 OK
r-devel-linux-x86_64-debian-gcc 2.2.1 15.27 148.61 163.88 OK
r-devel-linux-x86_64-fedora-clang 2.2.1 243.64 NOTE
r-devel-linux-x86_64-fedora-gcc 2.2.1 253.26 OK
r-devel-windows-ix86+x86_64 2.2.1 55.00 318.00 373.00 OK
r-patched-linux-x86_64 2.2.1 14.98 192.46 207.44 OK
r-patched-solaris-x86 2.2.1 361.60 NOTE
r-release-linux-x86_64 2.2.1 13.65 190.73 204.38 OK
r-release-windows-ix86+x86_64 2.2.1 33.00 311.00 344.00 OK
r-release-osx-x86_64 2.2.1 OK
r-oldrel-windows-ix86+x86_64 2.2.1 34.00 303.00 337.00 OK
r-oldrel-osx-x86_64 2.2.1 OK

Check Details

Version: 2.2.1
Check: installed package size
Result: NOTE
     installed size is 5.0Mb
     sub-directories of 1Mb or more:
     data 2.0Mb
     doc 1.9Mb
Flavors: r-devel-linux-x86_64-fedora-clang, r-patched-solaris-x86