Last updated on 2023-01-28 08:00:28 CET.
Flavor | Version | Tinstall | Tcheck | Ttotal | Status | Flags |
---|---|---|---|---|---|---|
r-devel-linux-x86_64-debian-clang | 4.1.0 | 26.85 | 232.70 | 259.55 | OK | |
r-devel-linux-x86_64-debian-gcc | 4.1.0 | 21.01 | 167.29 | 188.30 | OK | |
r-devel-linux-x86_64-fedora-clang | 4.1.0 | 317.98 | NOTE | |||
r-devel-linux-x86_64-fedora-gcc | 4.1.0 | 306.81 | OK | |||
r-devel-windows-x86_64 | 4.1.0 | 58.00 | 259.00 | 317.00 | OK | |
r-patched-linux-x86_64 | 4.1.0 | 32.26 | 219.02 | 251.28 | OK | |
r-release-linux-x86_64 | 4.1.0 | 26.30 | 216.08 | 242.38 | OK | |
r-release-macos-arm64 | 4.1.0 | 70.00 | OK | |||
r-release-macos-x86_64 | 4.1.0 | 117.00 | OK | |||
r-release-windows-x86_64 | 4.1.0 | 93.00 | 260.00 | 353.00 | OK | |
r-oldrel-macos-arm64 | 4.1.0 | 70.00 | OK | |||
r-oldrel-macos-x86_64 | 4.1.0 | 112.00 | OK | |||
r-oldrel-windows-ix86+x86_64 | 4.1.0 | 59.00 | 256.00 | 315.00 | OK |
Version: 4.1.0
Check: package dependencies
Result: NOTE
Imports includes 24 non-default packages.
Importing from so many packages makes the package vulnerable to any of
them becoming unavailable. Move as many as possible to Suggests and
use conditionally.
Flavor: r-devel-linux-x86_64-fedora-clang