CRAN Package Check Results for Package bibs

Last updated on 2022-09-30 00:49:10 CEST.

Flavor Version Tinstall Tcheck Ttotal Status Flags
r-devel-linux-x86_64-debian-clang 1.1.1 3.46 32.09 35.55 NOTE
r-devel-linux-x86_64-debian-gcc 1.1.1 2.72 24.67 27.39 NOTE
r-devel-linux-x86_64-fedora-clang 1.1.1 57.09 NOTE
r-devel-linux-x86_64-fedora-gcc 1.1.1 56.54 NOTE
r-devel-windows-x86_64 1.1.1 7.00 58.00 65.00 NOTE
r-patched-linux-x86_64 1.1.1 3.73 31.49 35.22 OK
r-release-linux-x86_64 1.1.1 3.24 30.57 33.81 OK
r-release-macos-arm64 1.1.1 17.00 OK
r-release-macos-x86_64 1.1.1 27.00 OK
r-release-windows-x86_64 1.1.1 17.00 53.00 70.00 OK
r-oldrel-macos-arm64 1.1.1 21.00 OK
r-oldrel-macos-x86_64 1.1.1 26.00 OK
r-oldrel-windows-ix86+x86_64 1.1.1 7.00 52.00 59.00 OK

Check Details

Version: 1.1.1
Check: Rd files
Result: NOTE
    checkRd: (-1) Jeffreysbs.Rd:17: Escaped LaTeX specials: \&
Flavors: r-devel-linux-x86_64-debian-clang, r-devel-linux-x86_64-debian-gcc, r-devel-linux-x86_64-fedora-clang, r-devel-linux-x86_64-fedora-gcc, r-devel-windows-x86_64