CRAN Package Check Results for Package biclust

Last updated on 2020-08-12 13:50:01 CEST.

Flavor Version Tinstall Tcheck Ttotal Status Flags
r-devel-linux-x86_64-debian-clang 2.0.2 0.61 2.44 3.05 ERROR
r-devel-linux-x86_64-debian-gcc 2.0.2 11.71 84.66 96.37 OK
r-devel-linux-x86_64-fedora-clang 2.0.2 154.09 OK
r-devel-linux-x86_64-fedora-gcc 2.0.2 146.07 OK
r-devel-windows-ix86+x86_64 2.0.2 34.00 222.00 256.00 OK
r-patched-linux-x86_64 2.0.2 13.93 108.06 121.99 OK
r-patched-solaris-x86 2.0.2 194.20 OK
r-release-linux-x86_64 2.0.2 0.51 2.25 2.76 ERROR
r-release-macos-x86_64 2.0.2 OK
r-release-windows-ix86+x86_64 2.0.2 41.00 220.00 261.00 OK
r-oldrel-macos-x86_64 2.0.2 OK
r-oldrel-windows-ix86+x86_64 2.0.2 23.00 150.00 173.00 OK

Check Details

Version: 2.0.2
Check: package dependencies
Result: ERROR
    Package required but not available: 'tidyr'
    
    See section 'The DESCRIPTION file' in the 'Writing R Extensions'
    manual.
Flavors: r-devel-linux-x86_64-debian-clang, r-release-linux-x86_64