CRAN Package Check Results for Package biclustermd

Last updated on 2020-01-21 08:47:56 CET.

Flavor Version Tinstall Tcheck Ttotal Status Flags
r-devel-linux-x86_64-debian-clang 0.2.0 8.28 129.23 137.51 OK
r-devel-linux-x86_64-debian-gcc 0.2.0 7.41 92.59 100.00 OK
r-devel-linux-x86_64-fedora-clang 0.2.0 158.93 WARN
r-devel-linux-x86_64-fedora-gcc 0.2.0 156.50 NOTE
r-devel-windows-ix86+x86_64 0.2.0 27.00 208.00 235.00 OK
r-devel-windows-ix86+x86_64-gcc8 0.2.0 22.00 174.00 196.00 OK
r-patched-linux-x86_64 0.2.0 7.63 108.16 115.79 OK
r-patched-solaris-x86 0.2.0 199.90 NOTE
r-release-linux-x86_64 0.2.0 7.80 109.75 117.55 OK
r-release-windows-ix86+x86_64 0.2.0 14.00 126.00 140.00 OK
r-release-osx-x86_64 0.2.0 NOTE
r-oldrel-windows-ix86+x86_64 0.2.0 8.00 124.00 132.00 OK
r-oldrel-osx-x86_64 0.2.0 NOTE

Check Details

Version: 0.2.0
Check: package dependencies
Result: WARN
    Requires orphaned packages:
     ‘biclust’ ‘clues’
Flavor: r-devel-linux-x86_64-fedora-clang

Version: 0.2.0
Check: dependencies in R code
Result: NOTE
    Namespace in Imports field not imported from: ‘nycflights13’
     All declared Imports should be used.
Flavors: r-devel-linux-x86_64-fedora-clang, r-devel-linux-x86_64-fedora-gcc, r-patched-solaris-x86, r-release-osx-x86_64, r-oldrel-osx-x86_64