CRAN Package Check Results for Package biclustermd

Last updated on 2020-08-09 16:47:46 CEST.

Flavor Version Tinstall Tcheck Ttotal Status Flags
r-devel-linux-x86_64-debian-clang 0.2.2 9.76 135.43 145.19 OK
r-devel-linux-x86_64-debian-gcc 0.2.2 7.19 93.69 100.88 OK
r-devel-linux-x86_64-fedora-clang 0.2.2 171.48 NOTE
r-devel-linux-x86_64-fedora-gcc 0.2.2 161.22 NOTE
r-devel-windows-ix86+x86_64 0.2.2 20.00 205.00 225.00 OK
r-patched-linux-x86_64 0.2.2 9.26 124.58 133.84 OK
r-patched-solaris-x86 0.2.2 228.00 NOTE
r-release-linux-x86_64 0.2.2 9.02 125.18 134.20 OK
r-release-macos-x86_64 0.2.2 NOTE
r-release-windows-ix86+x86_64 0.2.2 32.00 198.00 230.00 OK
r-oldrel-macos-x86_64 0.2.2 NOTE
r-oldrel-windows-ix86+x86_64 0.2.2 17.00 128.00 145.00 OK

Check Details

Version: 0.2.2
Check: dependencies in R code
Result: NOTE
    Namespace in Imports field not imported from: ‘nycflights13’
     All declared Imports should be used.
Flavors: r-devel-linux-x86_64-fedora-clang, r-devel-linux-x86_64-fedora-gcc, r-patched-solaris-x86, r-release-macos-x86_64, r-oldrel-macos-x86_64