CRAN Package Check Results for Package biclustermd

Last updated on 2019-12-10 21:47:26 CET.

Flavor Version Tinstall Tcheck Ttotal Status Flags
r-devel-linux-x86_64-debian-clang 0.2.0 8.94 129.41 138.35 OK
r-devel-linux-x86_64-debian-gcc 0.2.0 7.04 93.07 100.11 OK
r-devel-linux-x86_64-fedora-clang 0.2.0 155.07 NOTE
r-devel-linux-x86_64-fedora-gcc 0.2.0 157.32 NOTE
r-devel-windows-ix86+x86_64 0.2.0 31.00 245.00 276.00 OK
r-devel-windows-ix86+x86_64-gcc8 0.2.0 16.00 150.00 166.00 OK
r-patched-linux-x86_64 0.2.0 7.99 108.41 116.40 OK
r-patched-solaris-x86 0.2.0 209.60 NOTE
r-release-linux-x86_64 0.2.0 6.58 112.80 119.38 OK
r-release-windows-ix86+x86_64 0.2.0 23.00 185.00 208.00 OK
r-release-osx-x86_64 0.2.0 NOTE
r-oldrel-windows-ix86+x86_64 0.1.0 10.00 137.00 147.00 OK
r-oldrel-osx-x86_64 0.2.0 NOTE

Check Details

Version: 0.2.0
Check: dependencies in R code
Result: NOTE
    Namespace in Imports field not imported from: ‘nycflights13’
     All declared Imports should be used.
Flavors: r-devel-linux-x86_64-fedora-clang, r-devel-linux-x86_64-fedora-gcc, r-patched-solaris-x86, r-release-osx-x86_64, r-oldrel-osx-x86_64