Last updated on 2022-07-06 23:52:39 CEST.
Flavor | Version | Tinstall | Tcheck | Ttotal | Status | Flags |
---|---|---|---|---|---|---|
r-devel-linux-x86_64-debian-clang | 0.4.2 | 42.31 | 395.39 | 437.70 | NOTE | |
r-devel-linux-x86_64-debian-gcc | 0.4.2 | 36.45 | 286.14 | 322.59 | NOTE | |
r-devel-linux-x86_64-fedora-clang | 0.4.2 | 538.36 | WARN | |||
r-devel-linux-x86_64-fedora-gcc | 0.4.2 | 522.05 | WARN | |||
r-devel-windows-x86_64 | 0.4.2 | 47.00 | 375.00 | 422.00 | NOTE | |
r-patched-linux-x86_64 | 0.4.2 | 40.08 | 371.72 | 411.80 | NOTE | |
r-release-linux-x86_64 | 0.4.2 | 43.88 | 370.15 | 414.03 | NOTE | |
r-release-macos-arm64 | 0.4.2 | 132.00 | NOTE | |||
r-release-macos-x86_64 | 0.4.2 | 170.00 | NOTE | |||
r-release-windows-x86_64 | 0.4.2 | 45.00 | 386.00 | 431.00 | NOTE | |
r-oldrel-macos-arm64 | 0.4.2 | 107.00 | NOTE | |||
r-oldrel-macos-x86_64 | 0.4.2 | 156.00 | NOTE | |||
r-oldrel-windows-ix86+x86_64 | 0.4.2 | 95.00 | 378.00 | 473.00 | OK |
Version: 0.4.2
Check: package dependencies
Result: NOTE
Package suggested but not available for checking: 'INLA'
Flavors: r-devel-linux-x86_64-debian-clang, r-devel-linux-x86_64-debian-gcc, r-devel-windows-x86_64, r-patched-linux-x86_64, r-release-linux-x86_64, r-release-macos-arm64, r-release-macos-x86_64, r-release-windows-x86_64, r-oldrel-macos-arm64, r-oldrel-macos-x86_64
Version: 0.4.2
Check: package dependencies
Result: WARN
Requires (indirectly) orphaned package: ‘gtools’
Flavors: r-devel-linux-x86_64-fedora-clang, r-devel-linux-x86_64-fedora-gcc
Version: 0.4.2
Check: data for non-ASCII characters
Result: NOTE
Note: found 940 marked Latin-1 strings
Flavors: r-devel-linux-x86_64-fedora-clang, r-devel-linux-x86_64-fedora-gcc, r-release-macos-arm64, r-release-macos-x86_64, r-oldrel-macos-arm64, r-oldrel-macos-x86_64
Version: 0.4.2
Check: installed package size
Result: NOTE
installed size is 5.3Mb
sub-directories of 1Mb or more:
data 5.1Mb
Flavors: r-release-macos-arm64, r-oldrel-macos-arm64