Last updated on 2023-09-26 08:04:07 CEST.
Flavor | Version | Tinstall | Tcheck | Ttotal | Status | Flags |
---|---|---|---|---|---|---|
r-devel-linux-x86_64-debian-clang | 0.5.0 | 4.00 | 48.42 | 52.42 | NOTE | |
r-devel-linux-x86_64-debian-gcc | 0.5.0 | 4.13 | 37.37 | 41.50 | NOTE | |
r-devel-linux-x86_64-fedora-clang | 0.5.0 | 66.79 | NOTE | |||
r-devel-linux-x86_64-fedora-gcc | 0.5.0 | 77.04 | NOTE | |||
r-devel-windows-x86_64 | 0.5.0 | 6.00 | 61.00 | 67.00 | NOTE | |
r-patched-linux-x86_64 | 0.5.0 | 6.88 | 46.50 | 53.38 | NOTE | |
r-release-linux-x86_64 | 0.5.0 | 3.93 | 47.03 | 50.96 | NOTE | |
r-release-macos-arm64 | 0.5.0 | 36.00 | NOTE | |||
r-release-macos-x86_64 | 0.5.0 | 54.00 | NOTE | |||
r-release-windows-x86_64 | 0.5.0 | 10.00 | 69.00 | 79.00 | NOTE | |
r-oldrel-macos-arm64 | 0.5.0 | 26.00 | NOTE | |||
r-oldrel-macos-x86_64 | 0.5.0 | 50.00 | NOTE | |||
r-oldrel-windows-x86_64 | 0.5.0 | 8.00 | 64.00 | 72.00 | NOTE |
Version: 0.5.0
Check: LazyData
Result: NOTE
'LazyData' is specified without a 'data' directory
Flavors: r-devel-linux-x86_64-debian-clang, r-devel-linux-x86_64-debian-gcc, r-devel-linux-x86_64-fedora-clang, r-devel-linux-x86_64-fedora-gcc, r-devel-windows-x86_64, r-patched-linux-x86_64, r-release-linux-x86_64, r-release-macos-arm64, r-release-macos-x86_64, r-release-windows-x86_64, r-oldrel-macos-arm64, r-oldrel-macos-x86_64, r-oldrel-windows-x86_64
Version: 0.5.0
Check: Rd cross-references
Result: NOTE
Undeclared package ‘bigrquery’ in Rd xrefs
Flavor: r-devel-linux-x86_64-fedora-clang