CRAN Package Check Results for Package bigReg

Last updated on 2020-09-19 10:48:00 CEST.

Flavor Version Tinstall Tcheck Ttotal Status Flags
r-devel-linux-x86_64-debian-clang 0.1.2 51.40 36.98 88.38 NOTE
r-devel-linux-x86_64-debian-gcc 0.1.2 38.00 29.45 67.45 NOTE
r-devel-linux-x86_64-fedora-clang 0.1.2 131.86 NOTE
r-devel-linux-x86_64-fedora-gcc 0.1.2 116.77 NOTE
r-patched-linux-x86_64 0.1.2 43.26 37.43 80.69 NOTE
r-patched-solaris-x86 0.1.2 116.80 NOTE
r-release-linux-x86_64 0.1.2 43.70 37.40 81.10 NOTE
r-release-macos-x86_64 0.1.2 OK
r-oldrel-macos-x86_64 0.1.2 OK

Check Details

Version: 0.1.2
Check: for non-standard things in the check directory
Result: NOTE
    Found the following files/directories:
     'outputs'
Flavors: r-devel-linux-x86_64-debian-clang, r-devel-linux-x86_64-debian-gcc, r-devel-linux-x86_64-fedora-clang, r-devel-linux-x86_64-fedora-gcc, r-patched-linux-x86_64, r-patched-solaris-x86, r-release-linux-x86_64

Version: 0.1.2
Check: compiled code
Result: NOTE
    File ‘bigReg/libs/bigReg.so’:
     Found no calls to: ‘R_registerRoutines’, ‘R_useDynamicSymbols’
    
    It is good practice to register native routines and to disable symbol
    search.
    
    See ‘Writing portable packages’ in the ‘Writing R Extensions’ manual.
Flavors: r-devel-linux-x86_64-fedora-clang, r-devel-linux-x86_64-fedora-gcc