Last updated on 2025-01-17 22:50:11 CET.
Flavor | Version | Tinstall | Tcheck | Ttotal | Status | Flags |
---|---|---|---|---|---|---|
r-devel-linux-x86_64-debian-clang | 1.9.1 | 3.49 | 40.70 | 44.19 | OK | |
r-devel-linux-x86_64-debian-gcc | 1.9.1 | 2.14 | 27.94 | 30.08 | OK | |
r-devel-linux-x86_64-fedora-clang | 1.9.1 | 71.66 | OK | |||
r-devel-linux-x86_64-fedora-gcc | 1.9.1 | 71.32 | OK | |||
r-devel-windows-x86_64 | 1.9.1 | 4.00 | 67.00 | 71.00 | OK | |
r-patched-linux-x86_64 | 1.9.1 | 3.37 | 37.86 | 41.23 | NOTE | |
r-release-linux-x86_64 | 1.9.1 | 2.19 | 37.81 | 40.00 | NOTE | |
r-release-macos-arm64 | 1.9.1 | 25.00 | NOTE | |||
r-release-macos-x86_64 | 1.9.1 | 43.00 | NOTE | |||
r-release-windows-x86_64 | 1.9.1 | 5.00 | 64.00 | 69.00 | NOTE | |
r-oldrel-macos-arm64 | 1.9.1 | 27.00 | NOTE | |||
r-oldrel-macos-x86_64 | 1.9.1 | 39.00 | NOTE | |||
r-oldrel-windows-x86_64 | 1.9.1 | 4.00 | 76.00 | 80.00 | NOTE |
Version: 1.9.1
Check: package dependencies
Result: NOTE
Package suggested but not available for checking: ‘ffbase’
Flavors: r-patched-linux-x86_64, r-release-linux-x86_64, r-release-macos-arm64, r-release-macos-x86_64, r-release-windows-x86_64, r-oldrel-macos-arm64, r-oldrel-macos-x86_64, r-oldrel-windows-x86_64