CRAN Package Check Results for Package biglmm

Last updated on 2024-02-28 10:13:57 CET.

Flavor Version Tinstall Tcheck Ttotal Status Flags
r-devel-linux-x86_64-debian-clang 0.9-2 4.64 34.69 39.33 OK
r-devel-linux-x86_64-debian-gcc 0.9-2 3.28 26.48 29.76 OK
r-devel-linux-x86_64-fedora-clang 0.9-2 48.59 OK
r-devel-linux-x86_64-fedora-gcc 0.9-2 46.72 OK
r-devel-windows-x86_64 0.9-2 7.00 46.00 53.00 OK
r-patched-linux-x86_64 0.9-2 4.60 34.21 38.81 OK
r-release-linux-x86_64 0.9-2 4.53 34.16 38.69 OK
r-release-macos-arm64 0.9-2 22.00 OK
r-release-macos-x86_64 0.9-2 26.00 NOTE
r-release-windows-x86_64 0.9-2 8.00 49.00 57.00 OK
r-oldrel-macos-arm64 0.9-2 19.00 OK
r-oldrel-windows-x86_64 0.9-2 8.00 53.00 61.00 OK

Check Details

Version: 0.9-2
Check: package dependencies
Result: NOTE Package suggested but not available for checking: ‘RODBC’ Flavor: r-release-macos-x86_64