Last updated on 2023-12-08 23:55:24 CET.
Flavor | Version | Tinstall | Tcheck | Ttotal | Status | Flags |
---|---|---|---|---|---|---|
r-devel-linux-x86_64-debian-clang | 0.6.4 | 3.18 | 53.40 | 56.58 | NOTE | |
r-devel-linux-x86_64-debian-gcc | 0.6.4 | 3.93 | 41.62 | 45.55 | NOTE | |
r-devel-linux-x86_64-fedora-clang | 0.6.4 | 82.46 | NOTE | |||
r-devel-linux-x86_64-fedora-gcc | 0.6.4 | 72.14 | NOTE | |||
r-devel-windows-x86_64 | 0.6.4 | 5.00 | 62.00 | 67.00 | NOTE | |
r-patched-linux-x86_64 | 0.6.4 | 4.53 | 53.00 | 57.53 | NOTE | |
r-release-linux-x86_64 | 0.6.4 | 4.39 | 53.12 | 57.51 | NOTE | |
r-release-macos-arm64 | 0.6.4 | 30.00 | NOTE | |||
r-release-macos-x86_64 | 0.6.4 | 40.00 | NOTE | |||
r-release-windows-x86_64 | 0.6.4 | 6.00 | 69.00 | 75.00 | NOTE | |
r-oldrel-macos-arm64 | 0.6.4 | 27.00 | NOTE | |||
r-oldrel-macos-x86_64 | 0.6.4 | 38.00 | NOTE | |||
r-oldrel-windows-x86_64 | 0.6.4 | 7.00 | 74.00 | 81.00 | NOTE |
Version: 0.6.4
Check: package dependencies
Result: NOTE
Package suggested but not available for checking: ‘rrelaxiv’
Flavors: r-devel-linux-x86_64-debian-clang, r-devel-linux-x86_64-debian-gcc, r-devel-linux-x86_64-fedora-clang, r-devel-linux-x86_64-fedora-gcc, r-devel-windows-x86_64, r-patched-linux-x86_64, r-release-linux-x86_64, r-release-macos-arm64, r-release-macos-x86_64, r-release-windows-x86_64, r-oldrel-macos-arm64, r-oldrel-macos-x86_64, r-oldrel-windows-x86_64