CRAN Package Check Results for Package bigml

Last updated on 2019-07-21 20:47:35 CEST.

Flavor Version Tinstall Tcheck Ttotal Status Flags
r-devel-linux-x86_64-debian-clang 0.1.2 3.27 29.83 33.10 NOTE
r-devel-linux-x86_64-debian-gcc 0.1.2 2.42 24.28 26.70 NOTE
r-devel-linux-x86_64-fedora-clang 0.1.2 39.33 NOTE
r-devel-linux-x86_64-fedora-gcc 0.1.2 37.90 NOTE
r-devel-windows-ix86+x86_64 0.1.2 8.00 61.00 69.00 NOTE
r-patched-linux-x86_64 0.1.2 3.47 29.12 32.59 NOTE
r-patched-solaris-x86 0.1.2 61.70 NOTE
r-release-linux-x86_64 0.1.2 3.52 29.45 32.97 NOTE
r-release-windows-ix86+x86_64 0.1.2 7.00 41.00 48.00 NOTE
r-release-osx-x86_64 0.1.2 NOTE
r-oldrel-windows-ix86+x86_64 0.1.2 6.00 41.00 47.00 NOTE
r-oldrel-osx-x86_64 0.1.2 NOTE

Check Details

Version: 0.1.2
Check: R code for possible problems
Result: NOTE
    quickModel: no visible global function definition for 'tail'
    quickSource: no visible global function definition for 'write.table'
    Undefined global functions or variables:
     tail write.table
    Consider adding
     importFrom("utils", "tail", "write.table")
    to your NAMESPACE file.
Flavors: r-devel-linux-x86_64-debian-clang, r-devel-linux-x86_64-debian-gcc, r-devel-linux-x86_64-fedora-clang, r-devel-linux-x86_64-fedora-gcc, r-devel-windows-ix86+x86_64, r-patched-linux-x86_64, r-patched-solaris-x86, r-release-linux-x86_64, r-release-windows-ix86+x86_64, r-release-osx-x86_64, r-oldrel-windows-ix86+x86_64, r-oldrel-osx-x86_64