CRAN Package Check Results for Package bigml

Last updated on 2019-04-23 07:47:43 CEST.

Flavor Version Tinstall Tcheck Ttotal Status Flags
r-devel-linux-x86_64-debian-clang 0.1.2 3.59 29.60 33.19 NOTE
r-devel-linux-x86_64-debian-gcc 0.1.2 2.57 24.26 26.83 NOTE
r-devel-linux-x86_64-fedora-clang 0.1.2 38.83 NOTE
r-devel-linux-x86_64-fedora-gcc 0.1.2 37.98 NOTE
r-devel-windows-ix86+x86_64 0.1.2 10.00 45.00 55.00 NOTE
r-patched-linux-x86_64 0.1.2 3.44 29.93 33.37 NOTE
r-patched-solaris-x86 0.1.2 59.80 NOTE
r-release-linux-x86_64 0.1.2 2.02 28.10 30.12 NOTE
r-release-windows-ix86+x86_64 0.1.2 4.00 61.00 65.00 NOTE
r-release-osx-x86_64 0.1.2 NOTE
r-oldrel-windows-ix86+x86_64 0.1.2 4.00 58.00 62.00 NOTE
r-oldrel-osx-x86_64 0.1.2 NOTE

Check Details

Version: 0.1.2
Check: R code for possible problems
Result: NOTE
    quickModel: no visible global function definition for 'tail'
    quickSource: no visible global function definition for 'write.table'
    Undefined global functions or variables:
     tail write.table
    Consider adding
     importFrom("utils", "tail", "write.table")
    to your NAMESPACE file.
Flavors: r-devel-linux-x86_64-debian-clang, r-devel-linux-x86_64-debian-gcc, r-devel-linux-x86_64-fedora-clang, r-devel-linux-x86_64-fedora-gcc, r-devel-windows-ix86+x86_64, r-patched-linux-x86_64, r-patched-solaris-x86, r-release-linux-x86_64, r-release-windows-ix86+x86_64, r-release-osx-x86_64, r-oldrel-windows-ix86+x86_64, r-oldrel-osx-x86_64