CRAN Package Check Results for Package bignum

Last updated on 2021-09-24 17:50:09 CEST.

Flavor Version Tinstall Tcheck Ttotal Status Flags
r-devel-linux-x86_64-debian-clang 0.2.1 92.44 43.33 135.77 OK
r-devel-linux-x86_64-debian-gcc 0.2.2 69.32 34.02 103.34 OK
r-devel-linux-x86_64-fedora-clang 0.2.2 209.38 NOTE
r-devel-linux-x86_64-fedora-gcc 0.2.2 195.17 OK
r-devel-windows-x86_64 0.2.2 96.00 77.00 173.00 OK
r-devel-windows-x86_64-gcc10-UCRT 0.2.2 OK
r-patched-linux-x86_64 0.2.2 78.94 43.72 122.66 OK
r-patched-solaris-x86 0.2.2 168.40 OK
r-release-linux-x86_64 0.2.2 80.78 44.14 124.92 OK
r-release-macos-arm64 0.2.1 NOTE
r-release-macos-x86_64 0.2.2 NOTE
r-release-windows-ix86+x86_64 0.2.2 130.00 74.00 204.00 OK
r-oldrel-macos-x86_64 0.2.2 NOTE
r-oldrel-windows-ix86+x86_64 0.2.1 140.00 79.00 219.00 OK

Check Details

Version: 0.2.2
Check: installed package size
Result: NOTE
     installed size is 7.7Mb
     sub-directories of 1Mb or more:
     libs 7.4Mb
Flavors: r-devel-linux-x86_64-fedora-clang, r-release-macos-x86_64, r-oldrel-macos-x86_64

Version: 0.2.1
Check: installed package size
Result: NOTE
     installed size is 11.5Mb
     sub-directories of 1Mb or more:
     libs 11.2Mb
Flavor: r-release-macos-arm64