CRAN Package Check Results for Package bigrquerystorage

Last updated on 2024-06-14 03:57:12 CEST.

Flavor Version Tinstall Tcheck Ttotal Status Flags
r-devel-linux-x86_64-debian-clang 1.1.0 119.94 68.49 188.43 OK
r-devel-linux-x86_64-debian-gcc 1.1.0 0.55 1.65 2.20 ERROR
r-devel-linux-x86_64-fedora-gcc 1.1.0 277.64 OK
r-devel-windows-x86_64 1.1.0 261.00 127.00 388.00 NOTE
r-patched-linux-x86_64 1.1.0 117.59 64.20 181.79 OK
r-release-linux-x86_64 1.1.0 110.34 65.15 175.49 OK
r-release-macos-arm64 1.1.0 70.00 NOTE
r-release-macos-x86_64 1.1.0 92.00 NOTE
r-release-windows-x86_64 1.1.0 264.00 148.00 412.00 NOTE
r-oldrel-macos-arm64 1.1.0 80.00 NOTE
r-oldrel-macos-x86_64 1.1.0 109.00 NOTE
r-oldrel-windows-x86_64 1.1.0 275.00 278.00 553.00 NOTE

Check Details

Version: 1.1.0
Check: package dependencies
Result: ERROR Packages required but not available: 'arrow', 'bigrquery', 'tibble' Packages suggested but not available for checking: 'testthat', 'hms' See section ‘The DESCRIPTION file’ in the ‘Writing R Extensions’ manual. Flavor: r-devel-linux-x86_64-debian-gcc

Version: 1.1.0
Check: installed package size
Result: NOTE installed size is 16.5Mb sub-directories of 1Mb or more: libs 16.2Mb Flavors: r-devel-windows-x86_64, r-release-macos-arm64, r-release-macos-x86_64, r-release-windows-x86_64, r-oldrel-macos-arm64, r-oldrel-macos-x86_64, r-oldrel-windows-x86_64