CRAN Package Check Results for Package bigstatsr

Last updated on 2022-08-08 15:54:10 CEST.

Flavor Version Tinstall Tcheck Ttotal Status Flags
r-devel-linux-x86_64-debian-clang 1.5.6 225.61 256.69 482.30 OK
r-devel-linux-x86_64-debian-gcc 1.5.6 181.71 206.31 388.02 OK
r-devel-linux-x86_64-fedora-clang 1.5.6 661.37 NOTE
r-devel-linux-x86_64-fedora-gcc 1.5.6 595.64 OK
r-devel-windows-x86_64 1.5.6 261.00 309.00 570.00 OK
r-patched-linux-x86_64 1.5.6 197.63 244.04 441.67 OK
r-release-linux-x86_64 1.5.6 OK
r-release-macos-arm64 1.5.6 149.00 NOTE
r-release-macos-x86_64 1.5.6 288.00 NOTE
r-release-windows-x86_64 1.5.6 249.00 305.00 554.00 OK
r-oldrel-macos-arm64 1.5.6 128.00 NOTE
r-oldrel-macos-x86_64 1.5.6 196.00 NOTE
r-oldrel-windows-ix86+x86_64 1.5.6 631.00 533.00 1164.00 NOTE

Check Details

Version: 1.5.6
Check: installed package size
Result: NOTE
     installed size is 10.2Mb
     sub-directories of 1Mb or more:
     extdata 2.3Mb
     libs 7.1Mb
Flavors: r-devel-linux-x86_64-fedora-clang, r-release-macos-arm64, r-release-macos-x86_64, r-oldrel-macos-arm64, r-oldrel-macos-x86_64, r-oldrel-windows-ix86+x86_64