CRAN Package Check Results for Package bigtabulate

Last updated on 2021-06-22 15:51:38 CEST.

Flavor Version Tinstall Tcheck Ttotal Status Flags
r-devel-linux-x86_64-debian-clang 1.1.5 19.84 36.24 56.08 OK
r-devel-linux-x86_64-debian-gcc 1.1.5 19.49 28.08 47.57 OK
r-devel-linux-x86_64-fedora-clang 1.1.5 86.33 NOTE
r-devel-linux-x86_64-fedora-gcc 1.1.5 75.54 NOTE
r-devel-windows-x86_64 1.1.5 31.00 60.00 91.00 OK
r-devel-windows-x86_64-gcc10-UCRT 1.1.5 OK
r-patched-linux-x86_64 1.1.5 21.32 35.00 56.32 OK
r-patched-solaris-x86 1.1.5 87.60 OK
r-release-linux-x86_64 1.1.5 21.93 35.21 57.14 OK
r-release-macos-arm64 1.1.5 OK
r-release-macos-x86_64 1.1.5 OK
r-release-windows-ix86+x86_64 1.1.5 57.00 82.00 139.00 OK
r-oldrel-macos-x86_64 1.1.5 OK

Additional issues

rchk

Check Details

Version: 1.1.5
Check: top-level files
Result: NOTE
     possible bashism in configure line 13 (echo -n):
     echo -n " checking for Sun Studio compiler..."
     possible bashism in configure line 23 (echo -n):
     echo -n " checking for OS..."
Flavors: r-devel-linux-x86_64-fedora-clang, r-devel-linux-x86_64-fedora-gcc

Version: 1.1.5
Check: compiled code
Result: NOTE
    File ‘bigtabulate/libs/bigtabulate.so’:
     Found no calls to: ‘R_registerRoutines’, ‘R_useDynamicSymbols’
    
    It is good practice to register native routines and to disable symbol
    search.
    
    See ‘Writing portable packages’ in the ‘Writing R Extensions’ manual.
Flavors: r-devel-linux-x86_64-fedora-clang, r-devel-linux-x86_64-fedora-gcc