CRAN Package Check Results for Package bigutilsr

Last updated on 2020-08-13 01:54:58 CEST.

Flavor Version Tinstall Tcheck Ttotal Status Flags
r-devel-linux-x86_64-debian-clang 0.3.2 41.89 191.41 233.30 OK
r-devel-linux-x86_64-debian-gcc 0.3.2 26.09 135.93 162.02 OK
r-devel-linux-x86_64-fedora-clang 0.3.2 272.24 OK
r-devel-linux-x86_64-fedora-gcc 0.3.2 257.23 OK
r-devel-windows-ix86+x86_64 0.3.2 92.00 479.00 571.00 OK
r-patched-linux-x86_64 0.3.2 28.47 188.46 216.93 OK
r-patched-solaris-x86 0.3.2 580.90 OK
r-release-linux-x86_64 0.3.2 26.43 187.06 213.49 ERROR
r-release-macos-x86_64 0.3.2 OK
r-release-windows-ix86+x86_64 0.3.2 99.00 489.00 588.00 OK
r-oldrel-macos-x86_64 0.3.2 OK
r-oldrel-windows-ix86+x86_64 0.3.2 62.00 356.00 418.00 OK

Check Details

Version: 0.3.2
Check: tests
Result: ERROR
     Running ‘spelling.R’ [0s/0s]
     Running ‘testthat.R’ [114s/139s]
    Running the tests in ‘tests/testthat.R’ failed.
    Complete output:
     > library(testthat)
     > library(bigutilsr)
     >
     > test_check("bigutilsr")
     ── 1. Failure: covrob_ogk() is the same as rrcov::CovOgk() (@test-OGK.R#20) ───
     test$cov not equal to true@cov.
     64/64 mismatches (average diff: 1.12)
     [1] 1759.84 - 1760.58 == -0.74210
     [2] -59.09 - -59.70 == 0.61468
     [3] -58.54 - -59.03 == 0.49385
     [4] 8.61 - 8.70 == -0.09834
     [5] 4.80 - 5.36 == -0.55909
     [6] -38.37 - -37.45 == -0.91349
     [7] 71.11 - 72.51 == -1.39679
     [8] -48.50 - -48.49 == -0.00922
     [9] -59.09 - -59.70 == 0.61468
     ...
    
     ── 2. Failure: covrob_ogk() is the same as rrcov::CovOgk() (@test-OGK.R#20) ───
     test$center not equal to true@center.
     8/8 mismatches (average diff: 0.0255)
     [1] -1.6382 - -1.6499 == 0.01172
     [2] 0.5384 - 0.5106 == 0.02782
     [3] -0.0198 - -0.0418 == 0.02206
     [4] 1.5047 - 1.5092 == -0.00447
     [5] -1.0663 - -1.0397 == -0.02662
     [6] 0.7785 - 0.8232 == -0.04473
     [7] -0.8774 - -0.8124 == -0.06492
     [8] -0.4936 - -0.4919 == -0.00174
    
     ══ testthat results ═══════════════════════════════════════════════════════════
     [ OK: 250 | SKIPPED: 0 | WARNINGS: 0 | FAILED: 2 ]
     1. Failure: covrob_ogk() is the same as rrcov::CovOgk() (@test-OGK.R#20)
     2. Failure: covrob_ogk() is the same as rrcov::CovOgk() (@test-OGK.R#20)
    
     Error: testthat unit tests failed
     Execution halted
Flavor: r-release-linux-x86_64