CRAN Package Check Results for Package bigutilsr

Last updated on 2020-01-17 19:47:29 CET.

Flavor Version Tinstall Tcheck Ttotal Status Flags
r-devel-linux-x86_64-debian-clang 0.2.2 30.31 191.74 222.05 OK
r-devel-linux-x86_64-debian-gcc 0.2.2 18.45 141.45 159.90 OK
r-devel-linux-x86_64-fedora-clang 0.2.2 271.46 WARN
r-devel-linux-x86_64-fedora-gcc 0.2.2 263.05 OK
r-devel-windows-ix86+x86_64 0.2.2 87.00 387.00 474.00 OK
r-devel-windows-ix86+x86_64-gcc8 0.2.2 60.00 438.00 498.00 OK
r-patched-linux-x86_64 0.2.2 19.90 181.80 201.70 OK
r-patched-solaris-x86 0.2.2 580.10 OK
r-release-linux-x86_64 0.2.2 20.87 182.49 203.36 OK
r-release-windows-ix86+x86_64 0.2.2 74.00 484.00 558.00 OK
r-release-osx-x86_64 0.2.2 OK
r-oldrel-windows-ix86+x86_64 0.2.2 57.00 397.00 454.00 OK
r-oldrel-osx-x86_64 0.2.2 OK

Check Details

Version: 0.2.2
Check: package dependencies
Result: WARN
    Requires orphaned package: ‘robust’
Flavor: r-devel-linux-x86_64-fedora-clang