Last updated on 2023-12-03 01:57:40 CET.
Flavor | Version | Tinstall | Tcheck | Ttotal | Status | Flags |
---|---|---|---|---|---|---|
r-devel-linux-x86_64-debian-clang | 1.3.1 | 103.09 | 188.47 | 291.56 | OK | |
r-devel-linux-x86_64-debian-gcc | 1.3.1 | 68.09 | 136.07 | 204.16 | OK | |
r-devel-linux-x86_64-fedora-clang | 1.3.1 | 383.82 | OK | |||
r-devel-linux-x86_64-fedora-gcc | 1.3.1 | 366.99 | OK | |||
r-devel-windows-x86_64 | 1.3.1 | 72.00 | 166.00 | 238.00 | OK | |
r-patched-linux-x86_64 | 1.3.1 | 77.93 | 175.51 | 253.44 | OK | |
r-release-linux-x86_64 | 1.3.1 | 81.14 | 179.90 | 261.04 | OK | |
r-release-macos-arm64 | 1.3.1 | 86.00 | NOTE | |||
r-release-macos-x86_64 | 1.3.1 | 241.00 | NOTE | |||
r-release-windows-x86_64 | 1.3.1 | 94.00 | 207.00 | 301.00 | OK | |
r-oldrel-macos-arm64 | 1.3.1 | 80.00 | NOTE | |||
r-oldrel-macos-x86_64 | 1.2.4 | 99.00 | NOTE | |||
r-oldrel-windows-x86_64 | 1.3.1 | 87.00 | 188.00 | 275.00 | OK |
Version: 1.3.1
Check: installed package size
Result: NOTE
installed size is 5.7Mb
sub-directories of 1Mb or more:
libs 4.6Mb
Flavors: r-release-macos-arm64, r-release-macos-x86_64, r-oldrel-macos-arm64
Version: 1.2.4
Check: installed package size
Result: NOTE
installed size is 5.4Mb
sub-directories of 1Mb or more:
libs 4.4Mb
Flavor: r-oldrel-macos-x86_64