CRAN Package Check Results for Package binGroup2

Last updated on 2020-09-18 10:15:53 CEST.

Flavor Version Tinstall Tcheck Ttotal Status Flags
r-devel-linux-x86_64-debian-clang 1.0.2 79.81 134.74 214.55 OK
r-devel-linux-x86_64-debian-gcc 1.0.2 65.69 100.09 165.78 OK
r-devel-linux-x86_64-fedora-clang 1.0.2 310.17 NOTE
r-devel-linux-x86_64-fedora-gcc 1.0.2 276.69 OK
r-devel-windows-ix86+x86_64 1.0.2 166.00 180.00 346.00 OK
r-patched-linux-x86_64 1.0.2 69.67 134.27 203.94 OK
r-patched-solaris-x86 1.0.2 283.40 OK
r-release-linux-x86_64 1.0.2 68.95 135.26 204.21 OK
r-release-macos-x86_64 1.0.2 NOTE
r-release-windows-ix86+x86_64 1.0.2 170.00 159.00 329.00 OK
r-oldrel-macos-x86_64 1.0.2 NOTE
r-oldrel-windows-ix86+x86_64 1.0.2 99.00 203.00 302.00 OK

Check Details

Version: 1.0.2
Check: installed package size
Result: NOTE
     installed size is 7.3Mb
     sub-directories of 1Mb or more:
     libs 6.3Mb
Flavors: r-devel-linux-x86_64-fedora-clang, r-release-macos-x86_64, r-oldrel-macos-x86_64