Last updated on 2023-09-24 12:28:12 CEST.
Flavor | Version | Tinstall | Tcheck | Ttotal | Status | Flags |
---|---|---|---|---|---|---|
r-devel-linux-x86_64-debian-clang | 0.0.6 | 3.57 | 56.31 | 59.88 | OK | |
r-devel-linux-x86_64-debian-gcc | 0.0.6 | 2.84 | 44.50 | 47.34 | OK | |
r-devel-linux-x86_64-fedora-clang | 0.0.6 | 76.28 | NOTE | |||
r-devel-linux-x86_64-fedora-gcc | 0.0.6 | 87.03 | OK | |||
r-devel-windows-x86_64 | 0.0.6 | 6.00 | 95.00 | 101.00 | OK | |
r-patched-linux-x86_64 | 0.0.6 | 3.90 | 56.03 | 59.93 | OK | |
r-release-linux-x86_64 | 0.0.6 | 3.41 | 55.55 | 58.96 | OK | |
r-release-macos-arm64 | 0.0.6 | 41.00 | OK | |||
r-release-macos-x86_64 | 0.0.6 | 42.00 | OK | |||
r-release-windows-x86_64 | 0.0.6 | 6.00 | 77.00 | 83.00 | OK | |
r-oldrel-macos-arm64 | 0.0.6 | 35.00 | OK | |||
r-oldrel-macos-x86_64 | 0.0.6 | 43.00 | OK | |||
r-oldrel-windows-x86_64 | 0.0.6 | 6.00 | 83.00 | 89.00 | OK |
Version: 0.0.6
Check: Rd cross-references
Result: NOTE
Undeclared packages ‘tint’, ‘pinp’, ‘linl’ in Rd xrefs
Flavor: r-devel-linux-x86_64-fedora-clang