CRAN Package Check Results for Package binb

Last updated on 2021-09-23 16:50:19 CEST.

Flavor Version Tinstall Tcheck Ttotal Status Flags
r-devel-linux-x86_64-debian-clang 0.0.6 2.73 51.63 54.36 OK
r-devel-linux-x86_64-debian-gcc 0.0.6 2.21 42.57 44.78 OK
r-devel-linux-x86_64-fedora-clang 0.0.6 74.31 NOTE
r-devel-linux-x86_64-fedora-gcc 0.0.6 63.70 OK
r-devel-windows-x86_64 0.0.6 4.00 61.00 65.00 OK
r-devel-windows-x86_64-gcc10-UCRT 0.0.6 OK
r-patched-linux-x86_64 0.0.6 2.56 50.73 53.29 OK
r-patched-solaris-x86 0.0.6 57.80 OK
r-release-linux-x86_64 0.0.6 2.68 50.74 53.42 OK
r-release-macos-arm64 0.0.6 OK
r-release-macos-x86_64 0.0.6 OK
r-release-windows-ix86+x86_64 0.0.6 6.00 77.00 83.00 OK
r-oldrel-macos-x86_64 0.0.6 OK
r-oldrel-windows-ix86+x86_64 0.0.6 6.00 62.00 68.00 OK

Check Details

Version: 0.0.6
Check: Rd cross-references
Result: NOTE
    Undeclared packages ‘tint’, ‘pinp’, ‘linl’ in Rd xrefs
Flavor: r-devel-linux-x86_64-fedora-clang