Last updated on 2023-04-01 00:52:54 CEST.
Flavor | Version | Tinstall | Tcheck | Ttotal | Status | Flags |
---|---|---|---|---|---|---|
r-devel-linux-x86_64-debian-clang | 0.0.6 | 3.54 | 56.53 | 60.07 | OK | |
r-devel-linux-x86_64-debian-gcc | 0.0.6 | 2.50 | 43.49 | 45.99 | OK | |
r-devel-linux-x86_64-fedora-clang | 0.0.6 | 74.08 | NOTE | |||
r-devel-linux-x86_64-fedora-gcc | 0.0.6 | 83.14 | OK | |||
r-devel-windows-x86_64 | 0.0.6 | 43.00 | 104.00 | 147.00 | OK | |
r-patched-linux-x86_64 | 0.0.6 | 2.79 | 53.88 | 56.67 | OK | |
r-release-linux-x86_64 | 0.0.6 | 3.30 | 56.20 | 59.50 | OK | |
r-release-macos-arm64 | 0.0.6 | 35.00 | OK | |||
r-release-macos-x86_64 | 0.0.6 | 43.00 | OK | |||
r-release-windows-x86_64 | 0.0.6 | 36.00 | 104.00 | 140.00 | OK | |
r-oldrel-macos-arm64 | 0.0.6 | 24.00 | OK | |||
r-oldrel-macos-x86_64 | 0.0.6 | 31.00 | OK | |||
r-oldrel-windows-ix86+x86_64 | 0.0.6 | 8.00 | 86.00 | 94.00 | OK |
Version: 0.0.6
Check: Rd cross-references
Result: NOTE
Undeclared packages ‘tint’, ‘pinp’, ‘linl’ in Rd xrefs
Flavor: r-devel-linux-x86_64-fedora-clang