CRAN Package Check Results for Package bindr

Last updated on 2024-02-26 19:50:03 CET.

Flavor Version Tinstall Tcheck Ttotal Status Flags
r-devel-linux-x86_64-debian-clang 0.1.1 1.82 23.36 25.18 NOTE
r-devel-linux-x86_64-debian-gcc 0.1.1 1.39 18.77 20.16 NOTE
r-devel-linux-x86_64-fedora-clang 0.1.1 32.00 NOTE
r-devel-linux-x86_64-fedora-gcc 0.1.1 42.68 NOTE
r-devel-windows-x86_64 0.1.1 2.00 46.00 48.00 NOTE
r-patched-linux-x86_64 0.1.1 2.20 23.44 25.64 NOTE
r-release-linux-x86_64 0.1.1 2.05 23.38 25.43 NOTE
r-release-macos-arm64 0.1.1 20.00 NOTE
r-release-macos-x86_64 0.1.1 28.00 NOTE
r-release-windows-x86_64 0.1.1 2.00 44.00 46.00 NOTE
r-oldrel-macos-arm64 0.1.1 21.00 NOTE
r-oldrel-windows-x86_64 0.1.1 4.00 46.00 50.00 NOTE

Check Details

Version: 0.1.1
Check: LazyData
Result: NOTE 'LazyData' is specified without a 'data' directory Flavors: r-devel-linux-x86_64-debian-clang, r-devel-linux-x86_64-debian-gcc, r-devel-linux-x86_64-fedora-clang, r-devel-linux-x86_64-fedora-gcc, r-devel-windows-x86_64, r-patched-linux-x86_64, r-release-linux-x86_64, r-release-macos-arm64, r-release-macos-x86_64, r-release-windows-x86_64, r-oldrel-macos-arm64, r-oldrel-windows-x86_64