Last updated on 2023-01-30 18:50:39 CET.
Flavor | Version | Tinstall | Tcheck | Ttotal | Status | Flags |
---|---|---|---|---|---|---|
r-devel-linux-x86_64-debian-clang | 0.2.2 | 25.35 | 27.39 | 52.74 | NOTE | |
r-devel-linux-x86_64-debian-gcc | 0.2.2 | 24.75 | 21.72 | 46.47 | NOTE | |
r-devel-linux-x86_64-fedora-clang | 0.2.2 | 87.09 | NOTE | |||
r-devel-linux-x86_64-fedora-gcc | 0.2.2 | 75.09 | NOTE | |||
r-devel-windows-x86_64 | 0.2.2 | 38.00 | 77.00 | 115.00 | NOTE | |
r-patched-linux-x86_64 | 0.2.2 | 26.77 | 28.17 | 54.94 | NOTE | |
r-release-linux-x86_64 | 0.2.2 | 27.45 | 27.76 | 55.21 | NOTE | |
r-release-macos-arm64 | 0.2.2 | 26.00 | NOTE | |||
r-release-macos-x86_64 | 0.2.2 | 35.00 | NOTE | |||
r-release-windows-x86_64 | 0.2.2 | 39.00 | 82.00 | 121.00 | NOTE | |
r-oldrel-macos-arm64 | 0.2.2 | 32.00 | NOTE | |||
r-oldrel-macos-x86_64 | 0.2.2 | 47.00 | NOTE | |||
r-oldrel-windows-ix86+x86_64 | 0.2.2 | 74.00 | 98.00 | 172.00 | NOTE |
Version: 0.2.2
Check: LazyData
Result: NOTE
'LazyData' is specified without a 'data' directory
Flavors: r-devel-linux-x86_64-debian-clang, r-devel-linux-x86_64-debian-gcc, r-devel-linux-x86_64-fedora-clang, r-devel-linux-x86_64-fedora-gcc, r-devel-windows-x86_64, r-patched-linux-x86_64, r-release-linux-x86_64, r-release-macos-arm64, r-release-macos-x86_64, r-release-windows-x86_64, r-oldrel-macos-arm64, r-oldrel-macos-x86_64, r-oldrel-windows-ix86+x86_64