CRAN Package Check Results for Package bingat

Last updated on 2021-06-22 16:49:19 CEST.

Flavor Version Tinstall Tcheck Ttotal Status Flags
r-devel-linux-x86_64-debian-clang 1.3 9.51 82.79 92.30 OK
r-devel-linux-x86_64-debian-gcc 1.3 8.11 61.41 69.52 OK
r-devel-linux-x86_64-fedora-clang 1.3 120.30 NOTE
r-devel-linux-x86_64-fedora-gcc 1.3 108.89 OK
r-devel-windows-x86_64 1.3 14.00 101.00 115.00 OK
r-devel-windows-x86_64-gcc10-UCRT 1.3 OK
r-patched-linux-x86_64 1.3 8.70 77.62 86.32 OK
r-patched-solaris-x86 1.3 158.50 OK
r-release-linux-x86_64 1.3 9.00 77.58 86.58 OK
r-release-macos-arm64 1.3 OK
r-release-macos-x86_64 1.3 OK
r-release-windows-ix86+x86_64 1.3 16.00 102.00 118.00 OK
r-oldrel-macos-x86_64 1.3 OK

Check Details

Version: 1.3
Check: Rd cross-references
Result: NOTE
    Undeclared package ‘genalg’ in Rd xrefs
Flavor: r-devel-linux-x86_64-fedora-clang