CRAN Package Check Results for Package binom

Last updated on 2022-08-17 20:54:37 CEST.

Flavor Version Tinstall Tcheck Ttotal Status Flags
r-devel-linux-x86_64-debian-clang 1.1-1.1 5.28 47.73 53.01 OK
r-devel-linux-x86_64-debian-gcc 1.1-1.1 OK
r-devel-linux-x86_64-fedora-clang 1.1-1.1 73.69 NOTE
r-devel-linux-x86_64-fedora-gcc 1.1-1.1 69.36 NOTE
r-devel-windows-x86_64 1.1-1.1 20.00 72.00 92.00 OK
r-patched-linux-x86_64 1.1-1.1 5.29 45.85 51.14 OK
r-release-linux-x86_64 1.1-1.1 5.44 46.00 51.44 OK
r-release-macos-arm64 1.1-1.1 31.00 OK
r-release-macos-x86_64 1.1-1.1 32.00 OK
r-release-windows-x86_64 1.1-1.1 22.00 72.00 94.00 OK
r-oldrel-macos-arm64 1.1-1.1 31.00 OK
r-oldrel-macos-x86_64 1.1-1.1 29.00 OK
r-oldrel-windows-ix86+x86_64 1.1-1.1 12.00 96.00 108.00 OK

Check Details

Version: 1.1-1.1
Check: compiled code
Result: NOTE
    File ‘binom/libs/binom.so’:
     Found no calls to: ‘R_registerRoutines’, ‘R_useDynamicSymbols’
    
    It is good practice to register native routines and to disable symbol
    search.
    
    See ‘Writing portable packages’ in the ‘Writing R Extensions’ manual.
Flavors: r-devel-linux-x86_64-fedora-clang, r-devel-linux-x86_64-fedora-gcc