CRAN Package Check Results for Package binomialMix

Last updated on 2020-06-04 19:48:49 CEST.

Flavor Version Tinstall Tcheck Ttotal Status Flags
r-devel-linux-x86_64-debian-clang 1.0.1 4.56 174.56 179.12 OK
r-devel-linux-x86_64-debian-gcc 1.0.1 3.75 141.59 145.34 OK
r-devel-linux-x86_64-fedora-clang 1.0.1 214.83 NOTE
r-devel-linux-x86_64-fedora-gcc 1.0.1 203.62 NOTE
r-devel-windows-ix86+x86_64 1.0.1 19.00 224.00 243.00 OK
r-patched-linux-x86_64 1.0.1 4.90 170.93 175.83 OK
r-patched-solaris-x86 1.0.1 376.30 NOTE
r-release-linux-x86_64 1.0.1 4.21 173.75 177.96 OK
r-release-osx-x86_64 1.0.1 NOTE
r-release-windows-ix86+x86_64 1.0.1 10.00 184.00 194.00 OK
r-oldrel-osx-x86_64 1.0.1 NOTE
r-oldrel-windows-ix86+x86_64 1.0.1 14.00 238.00 252.00 OK

Check Details

Version: 1.0.1
Check: dependencies in R code
Result: NOTE
    Namespace in Imports field not imported from: ‘lubridate’
     All declared Imports should be used.
Flavors: r-devel-linux-x86_64-fedora-clang, r-devel-linux-x86_64-fedora-gcc, r-patched-solaris-x86, r-release-osx-x86_64, r-oldrel-osx-x86_64