CRAN Package Check Results for Package binomialcftp

Last updated on 2020-09-30 21:49:12 CEST.

Flavor Version Tinstall Tcheck Ttotal Status Flags
r-devel-linux-x86_64-debian-clang 1.0 1.78 26.15 27.93 NOTE
r-devel-linux-x86_64-debian-gcc 1.0 1.49 19.33 20.82 NOTE
r-devel-linux-x86_64-fedora-clang 1.0 41.00 NOTE
r-devel-linux-x86_64-fedora-gcc 1.0 32.10 NOTE
r-devel-windows-ix86+x86_64 1.0 4.00 38.00 42.00 NOTE
r-patched-linux-x86_64 1.0 1.41 25.19 26.60 NOTE
r-patched-solaris-x86 1.0 50.10 NOTE
r-release-linux-x86_64 1.0 1.75 25.13 26.88 NOTE
r-release-macos-x86_64 1.0 NOTE
r-release-windows-ix86+x86_64 1.0 5.00 32.00 37.00 NOTE
r-oldrel-macos-x86_64 1.0 NOTE
r-oldrel-windows-ix86+x86_64 1.0 4.00 43.00 47.00 NOTE

Check Details

Version: 1.0
Check: R code for possible problems
Result: NOTE
    bin_ps: no visible global function definition for 'runif'
    bin_ps: no visible global function definition for 'dbinom'
    draw_i: no visible global function definition for 'runif'
    Undefined global functions or variables:
     dbinom runif
    Consider adding
     importFrom("stats", "dbinom", "runif")
    to your NAMESPACE file.
Flavors: r-devel-linux-x86_64-debian-clang, r-devel-linux-x86_64-debian-gcc, r-devel-linux-x86_64-fedora-clang, r-devel-linux-x86_64-fedora-gcc, r-devel-windows-ix86+x86_64, r-patched-linux-x86_64, r-patched-solaris-x86, r-release-linux-x86_64, r-release-macos-x86_64, r-release-windows-ix86+x86_64, r-oldrel-macos-x86_64, r-oldrel-windows-ix86+x86_64