CRAN Package Check Results for Package binomlogit

Last updated on 2020-09-30 20:46:38 CEST.

Flavor Version Tinstall Tcheck Ttotal Status Flags
r-devel-linux-x86_64-debian-clang 1.2 2.28 40.66 42.94 NOTE
r-devel-linux-x86_64-debian-gcc 1.2 2.58 30.29 32.87 NOTE
r-devel-linux-x86_64-fedora-clang 1.2 61.51 NOTE
r-devel-linux-x86_64-fedora-gcc 1.2 50.91 NOTE
r-devel-windows-ix86+x86_64 1.2 5.00 54.00 59.00 NOTE
r-patched-linux-x86_64 1.2 2.69 37.94 40.63 NOTE
r-patched-solaris-x86 1.2 74.20 NOTE
r-release-linux-x86_64 1.2 3.20 38.13 41.33 NOTE
r-release-macos-x86_64 1.2 NOTE
r-release-windows-ix86+x86_64 1.2 6.00 48.00 54.00 NOTE
r-oldrel-macos-x86_64 1.2 NOTE
r-oldrel-windows-ix86+x86_64 1.2 6.00 62.00 68.00 NOTE

Check Details

Version: 1.2
Check: R code for possible problems
Result: NOTE
    IndivdRUMIndMH: no visible global function definition for
     'flush.console'
    dRUMAuxMix: no visible global function definition for 'flush.console'
    dRUMHAM: no visible global function definition for 'flush.console'
    dRUMIndMH: no visible global function definition for 'flush.console'
    print.binomlogit: no visible global function definition for 'is'
    summary.binomlogit: no visible global function definition for 'is'
    Undefined global functions or variables:
     flush.console is
    Consider adding
     importFrom("methods", "is")
     importFrom("utils", "flush.console")
    to your NAMESPACE file (and ensure that your DESCRIPTION Imports field
    contains 'methods').
Flavors: r-devel-linux-x86_64-debian-clang, r-devel-linux-x86_64-debian-gcc, r-devel-linux-x86_64-fedora-clang, r-devel-linux-x86_64-fedora-gcc, r-devel-windows-ix86+x86_64, r-patched-linux-x86_64, r-patched-solaris-x86, r-release-linux-x86_64, r-release-macos-x86_64, r-release-windows-ix86+x86_64, r-oldrel-macos-x86_64, r-oldrel-windows-ix86+x86_64

Version: 1.2
Check: Rd cross-references
Result: NOTE
    Undeclared packages ‘mcmc’, ‘bayesm’ in Rd xrefs
Flavor: r-devel-linux-x86_64-fedora-clang