CRAN Package Check Results for Package binr

Last updated on 2020-08-09 19:47:35 CEST.

Flavor Version Tinstall Tcheck Ttotal Status Flags
r-devel-linux-x86_64-debian-clang 1.1 2.28 20.15 22.43 NOTE
r-devel-linux-x86_64-debian-gcc 1.1 1.98 16.09 18.07 NOTE
r-devel-linux-x86_64-fedora-clang 1.1 35.94 NOTE
r-devel-linux-x86_64-fedora-gcc 1.1 27.29 NOTE
r-devel-windows-ix86+x86_64 1.1 8.00 29.00 37.00 NOTE
r-patched-linux-x86_64 1.1 2.36 20.41 22.77 NOTE
r-patched-solaris-x86 1.1 41.10 NOTE
r-release-linux-x86_64 1.1 2.49 20.49 22.98 NOTE
r-release-macos-x86_64 1.1 NOTE
r-release-windows-ix86+x86_64 1.1 5.00 28.00 33.00 NOTE
r-oldrel-macos-x86_64 1.1 NOTE
r-oldrel-windows-ix86+x86_64 1.1 5.00 38.00 43.00 NOTE

Check Details

Version: 1.1
Check: R code for possible problems
Result: NOTE
    bins.quantiles: no visible global function definition for 'quantile'
    Undefined global functions or variables:
     quantile
    Consider adding
     importFrom("stats", "quantile")
    to your NAMESPACE file.
Flavors: r-devel-linux-x86_64-debian-clang, r-devel-linux-x86_64-debian-gcc, r-devel-linux-x86_64-fedora-clang, r-devel-linux-x86_64-fedora-gcc, r-devel-windows-ix86+x86_64, r-patched-linux-x86_64, r-patched-solaris-x86, r-release-linux-x86_64, r-release-macos-x86_64, r-release-windows-ix86+x86_64, r-oldrel-macos-x86_64, r-oldrel-windows-ix86+x86_64