CRAN Package Check Results for Package bioPN

Last updated on 2021-10-19 10:50:46 CEST.

Flavor Version Tinstall Tcheck Ttotal Status Flags
r-devel-linux-x86_64-debian-clang 1.2.0 7.06 23.00 30.06 OK
r-devel-linux-x86_64-debian-gcc 1.2.0 5.49 17.71 23.20 OK
r-devel-linux-x86_64-fedora-clang 1.2.0 48.47 NOTE
r-devel-linux-x86_64-fedora-gcc 1.2.0 36.52 NOTE
r-devel-windows-x86_64 1.2.0 11.00 36.00 47.00 OK
r-devel-windows-x86_64-gcc10-UCRT 1.2.0 OK
r-patched-linux-x86_64 1.2.0 6.21 21.77 27.98 OK
r-patched-solaris-x86 1.2.0 59.00 OK
r-release-linux-x86_64 1.2.0 5.45 22.40 27.85 OK
r-release-macos-arm64 1.2.0 OK
r-release-macos-x86_64 1.2.0 OK
r-release-windows-ix86+x86_64 1.2.0 20.00 41.00 61.00 OK
r-oldrel-macos-x86_64 1.2.0 OK
r-oldrel-windows-ix86+x86_64 1.2.0 18.00 45.00 63.00 OK

Check Details

Version: 1.2.0
Check: compiled code
Result: NOTE
    File ‘bioPN/libs/bioPN.so’:
     Found no calls to: ‘R_registerRoutines’, ‘R_useDynamicSymbols’
    
    It is good practice to register native routines and to disable symbol
    search.
    
    See ‘Writing portable packages’ in the ‘Writing R Extensions’ manual.
Flavors: r-devel-linux-x86_64-fedora-clang, r-devel-linux-x86_64-fedora-gcc