CRAN Package Check Results for Package bioPN

Last updated on 2019-06-17 10:48:05 CEST.

Flavor Version Tinstall Tcheck Ttotal Status Flags
r-devel-linux-x86_64-debian-clang 1.2.0 6.20 19.58 25.78 OK
r-devel-linux-x86_64-debian-gcc 1.2.0 4.44 15.67 20.11 OK
r-devel-linux-x86_64-fedora-clang 1.2.0 31.42 NOTE
r-devel-linux-x86_64-fedora-gcc 1.2.0 29.99 NOTE
r-devel-windows-ix86+x86_64 1.2.0 21.00 36.00 57.00 OK
r-patched-linux-x86_64 1.2.0 5.19 19.30 24.49 OK
r-patched-solaris-x86 1.2.0 72.90 OK
r-release-linux-x86_64 1.2.0 4.98 19.51 24.49 OK
r-release-windows-ix86+x86_64 1.2.0 21.00 49.00 70.00 OK
r-release-osx-x86_64 1.2.0 OK
r-oldrel-windows-ix86+x86_64 1.2.0 18.00 34.00 52.00 OK
r-oldrel-osx-x86_64 1.2.0 OK

Check Details

Version: 1.2.0
Check: compiled code
Result: NOTE
    File ‘bioPN/libs/bioPN.so’:
     Found no calls to: ‘R_registerRoutines’, ‘R_useDynamicSymbols’
    
    It is good practice to register native routines and to disable symbol
    search.
    
    See ‘Writing portable packages’ in the ‘Writing R Extensions’ manual.
Flavors: r-devel-linux-x86_64-fedora-clang, r-devel-linux-x86_64-fedora-gcc