CRAN Package Check Results for Package bioPN

Last updated on 2019-03-27 04:50:39 CET.

Flavor Version Tinstall Tcheck Ttotal Status Flags
r-devel-linux-x86_64-debian-clang 1.2.0 6.02 19.28 25.30 OK
r-devel-linux-x86_64-debian-gcc 1.2.0 4.53 15.87 20.40 OK
r-devel-linux-x86_64-fedora-clang 1.2.0 32.04 NOTE
r-devel-linux-x86_64-fedora-gcc 1.2.0 29.90 NOTE
r-devel-windows-ix86+x86_64 1.2.0 30.00 54.00 84.00 OK
r-patched-linux-x86_64 1.2.0 4.65 18.80 23.45 OK
r-patched-solaris-x86 1.2.0 47.60 OK
r-release-linux-x86_64 1.2.0 4.28 18.20 22.48 OK
r-release-windows-ix86+x86_64 1.2.0 18.00 34.00 52.00 OK
r-release-osx-x86_64 1.2.0 OK
r-oldrel-windows-ix86+x86_64 1.2.0 20.00 31.00 51.00 OK
r-oldrel-osx-x86_64 1.2.0 OK

Check Details

Version: 1.2.0
Check: compiled code
Result: NOTE
    File ‘bioPN/libs/bioPN.so’:
     Found no calls to: ‘R_registerRoutines’, ‘R_useDynamicSymbols’
    
    It is good practice to register native routines and to disable symbol
    search.
    
    See ‘Writing portable packages’ in the ‘Writing R Extensions’ manual.
Flavors: r-devel-linux-x86_64-fedora-clang, r-devel-linux-x86_64-fedora-gcc