CRAN Package Check Results for Package biogeo

Last updated on 2022-12-05 12:55:24 CET.

Flavor Version Tinstall Tcheck Ttotal Status Flags
r-devel-linux-x86_64-debian-clang 1.0 44.08 344.47 388.55 NOTE
r-devel-linux-x86_64-debian-gcc 1.0 33.78 263.44 297.22 NOTE
r-devel-linux-x86_64-fedora-clang 1.0 496.62 NOTE
r-devel-linux-x86_64-fedora-gcc 1.0 497.09 NOTE
r-devel-windows-x86_64 1.0 58.00 392.00 450.00 OK
r-patched-linux-x86_64 1.0 45.62 348.13 393.75 NOTE
r-release-linux-x86_64 1.0 47.27 341.76 389.03 NOTE
r-release-macos-arm64 1.0 97.00 OK
r-release-macos-x86_64 1.0 133.00 OK
r-release-windows-x86_64 1.0 58.00 398.00 456.00 OK
r-oldrel-macos-arm64 1.0 66.00 OK
r-oldrel-macos-x86_64 1.0 106.00 OK
r-oldrel-windows-ix86+x86_64 1.0 90.00 384.00 474.00 OK

Check Details

Version: 1.0
Check: for non-standard things in the check directory
Result: NOTE
    Found the following files/directories:
     'pointshape.dbf' 'pointshape.shp' 'pointshape.shx'
Flavors: r-devel-linux-x86_64-debian-clang, r-devel-linux-x86_64-debian-gcc, r-devel-linux-x86_64-fedora-clang, r-devel-linux-x86_64-fedora-gcc, r-patched-linux-x86_64, r-release-linux-x86_64