CRAN Package Check Results for Package biolink

Last updated on 2022-12-01 21:50:07 CET.

Flavor Version Tinstall Tcheck Ttotal Status Flags
r-devel-linux-x86_64-debian-clang 0.1.7 6.46 48.36 54.82 NOTE
r-devel-linux-x86_64-debian-gcc 0.1.7 4.32 37.86 42.18 NOTE
r-devel-linux-x86_64-fedora-clang 0.1.7 80.32 NOTE
r-devel-linux-x86_64-fedora-gcc 0.1.7 76.82 NOTE
r-devel-windows-x86_64 0.1.7 18.00 76.00 94.00 NOTE
r-patched-linux-x86_64 0.1.7 4.60 47.10 51.70 NOTE
r-release-linux-x86_64 0.1.7 5.86 46.47 52.33 NOTE
r-release-macos-arm64 0.1.7 23.00 NOTE
r-release-macos-x86_64 0.1.7 31.00 NOTE
r-release-windows-x86_64 0.1.7 14.00 77.00 91.00 NOTE
r-oldrel-macos-arm64 0.1.7 30.00 NOTE
r-oldrel-macos-x86_64 0.1.7 38.00 NOTE
r-oldrel-windows-ix86+x86_64 0.1.7 12.00 71.00 83.00 NOTE

Check Details

Version: 0.1.7
Check: LazyData
Result: NOTE
     'LazyData' is specified without a 'data' directory
Flavors: r-devel-linux-x86_64-debian-clang, r-devel-linux-x86_64-debian-gcc, r-devel-linux-x86_64-fedora-clang, r-devel-linux-x86_64-fedora-gcc, r-devel-windows-x86_64, r-patched-linux-x86_64, r-release-linux-x86_64, r-release-macos-arm64, r-release-macos-x86_64, r-release-windows-x86_64, r-oldrel-macos-arm64, r-oldrel-macos-x86_64, r-oldrel-windows-ix86+x86_64