CRAN Package Check Results for Package biolink

Last updated on 2021-05-15 22:50:02 CEST.

Flavor Version Tinstall Tcheck Ttotal Status Flags
r-devel-linux-x86_64-debian-clang 0.1.7 5.06 41.34 46.40 NOTE
r-devel-linux-x86_64-debian-gcc 0.1.7 3.61 32.99 36.60 NOTE
r-devel-linux-x86_64-fedora-clang 0.1.7 66.38 NOTE
r-devel-linux-x86_64-fedora-gcc 0.1.7 54.05 NOTE
r-devel-windows-ix86+x86_64 0.1.7 11.00 45.00 56.00 NOTE
r-devel-windows-x86_64-gcc10-UCRT 0.1.7 NOTE
r-patched-linux-x86_64 0.1.7 4.77 40.94 45.71 NOTE
r-patched-solaris-x86 0.1.7 87.10 NOTE
r-release-linux-x86_64 0.1.7 4.77 39.48 44.25 OK
r-release-macos-x86_64 0.1.7 OK
r-release-windows-ix86+x86_64 0.1.7 10.00 66.00 76.00 OK
r-oldrel-macos-x86_64 0.1.7 OK
r-oldrel-windows-ix86+x86_64 0.1.7 7.00 56.00 63.00 OK

Check Details

Version: 0.1.7
Check: LazyData
Result: NOTE
     'LazyData' is specified without a 'data' directory
Flavors: r-devel-linux-x86_64-debian-clang, r-devel-linux-x86_64-debian-gcc, r-devel-linux-x86_64-fedora-clang, r-devel-linux-x86_64-fedora-gcc, r-devel-windows-ix86+x86_64, r-devel-windows-x86_64-gcc10-UCRT, r-patched-linux-x86_64, r-patched-solaris-x86