Last updated on 2023-03-26 08:56:47 CEST.
Flavor | Version | Tinstall | Tcheck | Ttotal | Status | Flags |
---|---|---|---|---|---|---|
r-devel-linux-x86_64-debian-clang | 0.1.7 | 3.43 | 48.83 | 52.26 | NOTE | |
r-devel-linux-x86_64-debian-gcc | 0.1.7 | 4.42 | 38.04 | 42.46 | NOTE | |
r-devel-linux-x86_64-fedora-gcc | 0.1.7 | 65.54 | NOTE | |||
r-devel-windows-x86_64 | 0.1.7 | 25.00 | 80.00 | 105.00 | NOTE | |
r-patched-linux-x86_64 | 0.1.7 | 4.85 | 46.75 | 51.60 | NOTE | |
r-release-linux-x86_64 | 0.1.7 | 5.38 | 47.88 | 53.26 | NOTE | |
r-release-macos-arm64 | 0.1.7 | 23.00 | NOTE | |||
r-release-macos-x86_64 | 0.1.7 | 31.00 | NOTE | |||
r-release-windows-x86_64 | 0.1.7 | 16.00 | 78.00 | 94.00 | NOTE | |
r-oldrel-macos-arm64 | 0.1.7 | 30.00 | NOTE | |||
r-oldrel-macos-x86_64 | 0.1.7 | 38.00 | NOTE | |||
r-oldrel-windows-ix86+x86_64 | 0.1.7 | 13.00 | 137.00 | 150.00 | NOTE |
Version: 0.1.7
Check: LazyData
Result: NOTE
'LazyData' is specified without a 'data' directory
Flavors: r-devel-linux-x86_64-debian-clang, r-devel-linux-x86_64-debian-gcc, r-devel-linux-x86_64-fedora-gcc, r-devel-windows-x86_64, r-patched-linux-x86_64, r-release-linux-x86_64, r-release-macos-arm64, r-release-macos-x86_64, r-release-windows-x86_64, r-oldrel-macos-arm64, r-oldrel-macos-x86_64, r-oldrel-windows-ix86+x86_64