Last updated on 2022-08-13 22:49:54 CEST.
Flavor | Version | Tinstall | Tcheck | Ttotal | Status | Flags |
---|---|---|---|---|---|---|
r-devel-linux-x86_64-debian-clang | 3.5.1 | 67.19 | 489.55 | 556.74 | OK | |
r-devel-linux-x86_64-debian-gcc | 3.5.1 | 60.07 | 357.00 | 417.07 | OK | |
r-devel-linux-x86_64-fedora-clang | 3.5.1 | 660.68 | NOTE | |||
r-devel-linux-x86_64-fedora-gcc | 3.5.1 | 652.87 | NOTE | |||
r-devel-windows-x86_64 | 3.5.1 | 123.00 | 489.00 | 612.00 | OK | |
r-patched-linux-x86_64 | 3.5.1 | 72.34 | 464.14 | 536.48 | OK | |
r-release-linux-x86_64 | 3.5.1 | 64.72 | 464.64 | 529.36 | OK | |
r-release-macos-arm64 | 3.5.1 | 146.00 | NOTE | |||
r-release-macos-x86_64 | 3.5.1 | 254.00 | NOTE | |||
r-release-windows-x86_64 | 3.5.1 | 137.00 | 462.00 | 599.00 | OK | |
r-oldrel-macos-arm64 | 3.5.1 | 157.00 | NOTE | |||
r-oldrel-macos-x86_64 | 3.5.1 | 191.00 | NOTE | |||
r-oldrel-windows-ix86+x86_64 | 3.5.1 | 140.00 | 483.00 | 623.00 | OK |
Version: 3.5.1
Check: package dependencies
Result: NOTE
Imports includes 27 non-default packages.
Importing from so many packages makes the package vulnerable to any of
them becoming unavailable. Move as many as possible to Suggests and
use conditionally.
Flavor: r-devel-linux-x86_64-fedora-clang
Version: 3.5.1
Check: dependencies in R code
Result: NOTE
Namespace in Imports field not imported from: ‘doParallel’
All declared Imports should be used.
Flavors: r-devel-linux-x86_64-fedora-clang, r-devel-linux-x86_64-fedora-gcc, r-release-macos-arm64, r-release-macos-x86_64, r-oldrel-macos-arm64, r-oldrel-macos-x86_64