Last updated on 2023-09-28 18:57:32 CEST.
Flavor | Version | Tinstall | Tcheck | Ttotal | Status | Flags |
---|---|---|---|---|---|---|
r-devel-linux-x86_64-debian-clang | 1.0.0 | 47.26 | 258.17 | 305.43 | OK | |
r-devel-linux-x86_64-debian-gcc | 1.0.0 | 32.45 | 183.47 | 215.92 | OK | |
r-devel-linux-x86_64-fedora-clang | 1.0.0 | 359.29 | NOTE | |||
r-devel-linux-x86_64-fedora-gcc | 1.0.0 | 366.11 | OK | |||
r-devel-windows-x86_64 | 1.0.0 | 36.00 | 213.00 | 249.00 | NOTE | |
r-patched-linux-x86_64 | 1.0.0 | 43.96 | 233.65 | 277.61 | OK | |
r-release-linux-x86_64 | 1.0.0 | 41.99 | 237.50 | 279.49 | OK | |
r-release-macos-arm64 | 1.0.0 | 110.00 | OK | |||
r-release-macos-x86_64 | 1.0.0 | 286.00 | OK | |||
r-release-windows-x86_64 | 1.0.0 | 49.00 | 270.00 | 319.00 | NOTE | |
r-oldrel-macos-arm64 | 1.0.0 | 89.00 | OK | |||
r-oldrel-macos-x86_64 | 1.0.0 | 132.00 | OK | |||
r-oldrel-windows-x86_64 | 1.0.0 | 48.00 | 253.00 | 301.00 | NOTE |
Version: 1.0.0
Check: Rd cross-references
Result: NOTE
Undeclared package ‘vegan’ in Rd xrefs
Flavor: r-devel-linux-x86_64-fedora-clang
Version: 1.0.0
Check: installed package size
Result: NOTE
installed size is 5.1Mb
sub-directories of 1Mb or more:
data 1.7Mb
doc 1.1Mb
help 1.0Mb
Flavors: r-devel-windows-x86_64, r-release-windows-x86_64, r-oldrel-windows-x86_64