CRAN Package Check Results for Package biosensors.usc

Last updated on 2022-07-02 18:51:31 CEST.

Flavor Version Tinstall Tcheck Ttotal Status Flags
r-devel-linux-x86_64-debian-clang 1.0 40.55 123.12 163.67 OK
r-devel-linux-x86_64-debian-gcc 1.0 35.85 93.11 128.96 OK
r-devel-linux-x86_64-fedora-clang 1.0 220.25 NOTE
r-devel-linux-x86_64-fedora-gcc 1.0 222.45 NOTE
r-devel-windows-x86_64 1.0 63.00 168.00 231.00 NOTE
r-patched-linux-x86_64 1.0 39.26 115.39 154.65 OK
r-release-linux-x86_64 1.0 36.89 113.89 150.78 OK
r-release-macos-arm64 1.0 67.00 NOTE
r-release-macos-x86_64 1.0 93.00 NOTE
r-release-windows-x86_64 1.0 71.00 169.00 240.00 NOTE
r-oldrel-macos-arm64 1.0 73.00 NOTE
r-oldrel-macos-x86_64 1.0 82.00 NOTE
r-oldrel-windows-ix86+x86_64 1.0 110.00 204.00 314.00 NOTE

Check Details

Version: 1.0
Check: installed package size
Result: NOTE
     installed size is 7.2Mb
     sub-directories of 1Mb or more:
     extdata 4.8Mb
     libs 1.8Mb
Flavors: r-devel-linux-x86_64-fedora-clang, r-devel-windows-x86_64, r-release-macos-arm64, r-release-macos-x86_64, r-release-windows-x86_64, r-oldrel-macos-arm64, r-oldrel-macos-x86_64, r-oldrel-windows-ix86+x86_64

Version: 1.0
Check: dependencies in R code
Result: NOTE
    Namespace in Imports field not imported from: ‘Rcpp’
     All declared Imports should be used.
Flavors: r-devel-linux-x86_64-fedora-clang, r-devel-linux-x86_64-fedora-gcc, r-release-macos-arm64, r-release-macos-x86_64, r-oldrel-macos-arm64, r-oldrel-macos-x86_64