CRAN Package Check Results for Package biotools

Last updated on 2020-04-02 04:47:40 CEST.

Flavor Version Tinstall Tcheck Ttotal Status Flags
r-devel-linux-x86_64-debian-clang 3.1 21.10 154.93 176.03 OK
r-devel-linux-x86_64-debian-gcc 3.1 16.72 121.17 137.89 OK
r-devel-linux-x86_64-fedora-clang 3.1 212.66 OK
r-devel-linux-x86_64-fedora-gcc 3.1 212.36 OK
r-devel-windows-ix86+x86_64 3.1 49.00 177.00 226.00 OK
r-devel-windows-ix86+x86_64-gcc8 3.1 43.00 191.00 234.00 OK
r-patched-linux-x86_64 3.1 19.73 151.02 170.75 OK
r-patched-solaris-x86 3.1 374.10 OK
r-release-linux-x86_64 3.1 16.28 137.44 153.72 OK
r-release-windows-ix86+x86_64 3.1 43.00 297.00 340.00 OK
r-release-osx-x86_64 3.1 ERROR
r-oldrel-windows-ix86+x86_64 3.1 35.00 243.00 278.00 OK
r-oldrel-osx-x86_64 3.1 ERROR

Check Details

Version: 3.1
Check: package dependencies
Result: ERROR
    Package required but not available: ‘rpanel’
    
    Package suggested but not available for checking: ‘soilphysics’
    
    See section ‘The DESCRIPTION file’ in the ‘Writing R Extensions’
    manual.
Flavors: r-release-osx-x86_64, r-oldrel-osx-x86_64