CRAN Package Check Results for Package bipartite

Last updated on 2023-09-28 18:57:32 CEST.

Flavor Version Tinstall Tcheck Ttotal Status Flags
r-devel-linux-x86_64-debian-clang 2.18 33.78 272.15 305.93 OK
r-devel-linux-x86_64-debian-gcc 2.18 26.90 193.59 220.49 OK
r-devel-linux-x86_64-fedora-clang 2.18 372.15 OK
r-devel-linux-x86_64-fedora-gcc 2.18 375.45 OK
r-devel-windows-x86_64 2.18 32.00 270.00 302.00 OK
r-patched-linux-x86_64 2.18 38.06 257.15 295.21 OK
r-release-linux-x86_64 2.18 34.47 258.23 292.70 OK
r-release-macos-arm64 2.18 127.00 OK
r-release-macos-x86_64 2.18 208.00 NOTE
r-release-windows-x86_64 2.18 39.00 329.00 368.00 OK
r-oldrel-macos-arm64 2.18 116.00 OK
r-oldrel-macos-x86_64 2.18 149.00 OK
r-oldrel-windows-x86_64 2.18 42.00 303.00 345.00 OK

Check Details

Version: 2.18
Check: re-building of vignette outputs
Result: NOTE
    Error(s) in re-building vignettes:
    --- re-building ‘Intro2bipartite.Rnw’ using Sweave
    Loading required package: vegan
    Loading required package: permute
    Loading required package: lattice
    This is vegan 2.6-4
    Loading required package: sna
    Loading required package: statnet.common
    
    Attaching package: ‘statnet.common’
    
    The following objects are masked from ‘package:base’:
    
     attr, order
    
    Loading required package: network
    
    ‘network’ 1.18.1 (2023-01-24), part of the Statnet Project
    * ‘news(package="network")’ for changes since last version
    * ‘citation("network")’ for citation information
    * ‘https://statnet.org’ for help, support, and other information
    
    sna: Tools for Social Network Analysis
    Version 2.7-1 created on 2023-01-24.
    copyright (c) 2005, Carter T. Butts, University of California-Irvine
     For citation information, type citation("sna").
     Type help(package="sna") to get started.
    
     This is bipartite 2.18.
     For latest changes see versionlog in ?"bipartite-package". For citation see: citation("bipartite").
     Have a nice time plotting and analysing two-mode networks.
    
    Attaching package: ‘bipartite’
    
    The following object is masked from ‘package:vegan’:
    
     nullmodel
    
    Warning in as.tnet(as.one.mode(Safariland, project = "lower")) :
     Data assumed to be weighted one-mode tnet (if this is not correct, specify type)
    Error: processing vignette 'Intro2bipartite.Rnw' failed with diagnostics:
    Running 'texi2dvi' on 'Intro2bipartite.tex' failed.
    LaTeX errors:
    ! LaTeX Error: File `tocbibind.sty' not found.
    
    Type X to quit or <RETURN> to proceed,
    or enter new name. (Default extension: sty)
    
    ! Emergency stop.
    <read *>
    
    l.24 \usepackage
     {wrapfig}^^M
    ! ==> Fatal error occurred, no output PDF file produced!
    --- failed re-building ‘Intro2bipartite.Rnw’
    
    SUMMARY: processing the following file failed:
     ‘Intro2bipartite.Rnw’
    
    Error: Vignette re-building failed.
    Execution halted
Flavor: r-release-macos-x86_64