CRAN Package Check Results for Package bipartiteD3

Last updated on 2019-03-23 01:51:35 CET.

Flavor Version Tinstall Tcheck Ttotal Status Flags
r-devel-linux-x86_64-debian-clang 0.1.0 10.38 86.15 96.53 OK
r-devel-linux-x86_64-debian-gcc 0.1.0 8.84 67.58 76.42 OK
r-devel-linux-x86_64-fedora-clang 0.1.0 115.83 OK
r-devel-linux-x86_64-fedora-gcc 0.1.0 108.65 OK
r-devel-windows-ix86+x86_64 0.1.0 30.00 137.00 167.00 OK
r-patched-linux-x86_64 0.1.0 6.35 82.23 88.58 OK
r-patched-solaris-x86 0.1.0 163.80 WARN
r-release-linux-x86_64 0.1.0 7.29 81.56 88.85 OK
r-release-windows-ix86+x86_64 0.1.0 13.00 99.00 112.00 OK
r-release-osx-x86_64 0.1.0 WARN
r-oldrel-windows-ix86+x86_64 0.1.0 17.00 146.00 163.00 OK
r-oldrel-osx-x86_64 0.1.0 WARN

Check Details

Version: 0.1.0
Check: re-building of vignette outputs
Result: WARN
    Error in re-building vignettes:
     ...
    Warning in engine$weave(file, quiet = quiet, encoding = enc) :
     Pandoc (>= 1.12.3) and/or pandoc-citeproc not available. Falling back to R Markdown v1.
    Loading required package: vegan
    Loading required package: permute
    Loading required package: lattice
    This is vegan 2.5-4
    Loading required package: sna
    Loading required package: statnet.common
    
    Attaching package: 'statnet.common'
    
    The following object is masked from 'package:base':
    
     order
    
    Loading required package: network
    network: Classes for Relational Data
    Version 1.14-377 created on 2019-03-04.
    copyright (c) 2005, Carter T. Butts, University of California-Irvine
     Mark S. Handcock, University of California -- Los Angeles
     David R. Hunter, Penn State University
     Martina Morris, University of Washington
     Skye Bender-deMoll, University of Washington
     For citation information, type citation("network").
     Type help("network-package") to get started.
    
    sna: Tools for Social Network Analysis
    Version 2.4 created on 2016-07-23.
    copyright (c) 2005, Carter T. Butts, University of California-Irvine
     For citation information, type citation("sna").
     Type help(package="sna") to get started.
    
     This is bipartite 2.11
     For latest changes see versionlog in ?"bipartite-package".
     For citation see: citation("bipartite").
     Have a nice time plotting and analysing two-mode networks.
    
    
    Attaching package: 'bipartite'
    
    The following object is masked from 'package:vegan':
    
     nullmodel
    
    
    Attaching package: 'dplyr'
    
    The following objects are masked from 'package:stats':
    
     filter, lag
    
    The following objects are masked from 'package:base':
    
     intersect, setdiff, setequal, union
    
    Quitting from lines 42-54 (bipartiteD3_Intro.Rmd)
    Error: processing vignette 'bipartiteD3_Intro.Rmd' failed with diagnostics:
    there is no package called 'webshot'
    Execution halted
Flavor: r-patched-solaris-x86

Version: 0.1.0
Check: re-building of vignette outputs
Result: WARN
    Error in re-building vignettes:
     ...
     For citation see: citation("bipartite").
     Have a nice time plotting and analysing two-mode networks.
    
    
    Attaching package: 'bipartite'
    
    The following object is masked from 'package:vegan':
    
     nullmodel
    
    
    Attaching package: 'dplyr'
    
    The following objects are masked from 'package:stats':
    
     filter, lag
    
    The following objects are masked from 'package:base':
    
     intersect, setdiff, setequal, union
    
    Quitting from lines 42-54 (bipartiteD3_Intro.Rmd)
    Error: processing vignette 'bipartiteD3_Intro.Rmd' failed with diagnostics:
    cannot open the connection
    Execution halted
Flavors: r-release-osx-x86_64, r-oldrel-osx-x86_64