CRAN Package Check Results for Package birtr

Last updated on 2019-07-19 03:46:45 CEST.

Flavor Version Tinstall Tcheck Ttotal Status Flags
r-devel-linux-x86_64-debian-clang 1.0.0 1.67 19.27 20.94 OK
r-devel-linux-x86_64-debian-gcc 1.0.0 1.64 16.02 17.66 OK
r-devel-linux-x86_64-fedora-clang 1.0.0 25.55 OK
r-devel-linux-x86_64-fedora-gcc 1.0.0 24.55 OK
r-devel-windows-ix86+x86_64 1.0.0 7.00 30.00 37.00 OK
r-patched-linux-x86_64 1.0.0 2.07 19.30 21.37 NOTE
r-patched-solaris-x86 1.0.0 42.20 OK
r-release-linux-x86_64 1.0.0 1.69 19.02 20.71 NOTE
r-release-windows-ix86+x86_64 1.0.0 4.00 34.00 38.00 OK
r-release-osx-x86_64 1.0.0 OK
r-oldrel-windows-ix86+x86_64 1.0.0 3.00 41.00 44.00 OK
r-oldrel-osx-x86_64 1.0.0 OK

Check Details

Version: 1.0.0
Check: DESCRIPTION meta-information
Result: NOTE
    Dependence on R version ‘3.4.1’ not with patchlevel 0
Flavors: r-patched-linux-x86_64, r-release-linux-x86_64