CRAN Package Check Results for Package birtr

Last updated on 2019-04-24 05:48:03 CEST.

Flavor Version Tinstall Tcheck Ttotal Status Flags
r-devel-linux-x86_64-debian-clang 1.0.0 1.59 19.42 21.01 OK
r-devel-linux-x86_64-debian-gcc 1.0.0 1.50 15.71 17.21 OK
r-devel-linux-x86_64-fedora-clang 1.0.0 25.29 OK
r-devel-linux-x86_64-fedora-gcc 1.0.0 24.40 OK
r-devel-windows-ix86+x86_64 1.0.0 7.00 30.00 37.00 OK
r-patched-linux-x86_64 1.0.0 1.85 19.38 21.23 NOTE
r-patched-solaris-x86 1.0.0 39.70 OK
r-release-linux-x86_64 1.0.0 1.13 18.17 19.30 NOTE
r-release-windows-ix86+x86_64 1.0.0 3.00 40.00 43.00 OK
r-release-osx-x86_64 1.0.0 OK
r-oldrel-windows-ix86+x86_64 1.0.0 3.00 33.00 36.00 OK
r-oldrel-osx-x86_64 1.0.0 OK

Check Details

Version: 1.0.0
Check: DESCRIPTION meta-information
Result: NOTE
    Dependence on R version ‘3.4.1’ not with patchlevel 0
Flavors: r-patched-linux-x86_64, r-release-linux-x86_64