CRAN Package Check Results for Package birtr

Last updated on 2024-04-22 20:53:31 CEST.

Flavor Version Tinstall Tcheck Ttotal Status Flags
r-devel-linux-x86_64-debian-clang 1.0.0 2.38 26.52 28.90 NOTE
r-devel-linux-x86_64-debian-gcc 1.0.0 1.75 20.97 22.72 NOTE
r-devel-linux-x86_64-fedora-clang 1.0.0 38.07 NOTE
r-devel-linux-x86_64-fedora-gcc 1.0.0 35.22 NOTE
r-prerel-macos-arm64 1.0.0 15.00 NOTE
r-prerel-windows-x86_64 1.0.0 3.00 43.00 46.00 NOTE
r-patched-linux-x86_64 1.0.0 2.98 26.27 29.25 NOTE
r-release-linux-x86_64 1.0.0 2.45 26.32 28.77 NOTE
r-release-macos-arm64 1.0.0 16.00 NOTE
r-release-macos-x86_64 1.0.0 23.00 NOTE
r-release-windows-x86_64 1.0.0 4.00 46.00 50.00 NOTE
r-oldrel-macos-arm64 1.0.0 16.00 NOTE
r-oldrel-windows-x86_64 1.0.0 4.00 48.00 52.00 NOTE

Check Details

Version: 1.0.0
Check: LazyData
Result: NOTE 'LazyData' is specified without a 'data' directory Flavors: r-devel-linux-x86_64-debian-clang, r-devel-linux-x86_64-debian-gcc, r-devel-linux-x86_64-fedora-clang, r-devel-linux-x86_64-fedora-gcc, r-prerel-macos-arm64, r-prerel-windows-x86_64, r-patched-linux-x86_64, r-release-linux-x86_64, r-release-macos-arm64, r-release-macos-x86_64, r-release-windows-x86_64, r-oldrel-macos-arm64, r-oldrel-windows-x86_64