CRAN Package Check Results for Package bitsqueezr

Last updated on 2022-01-22 23:52:03 CET.

Flavor Version Tinstall Tcheck Ttotal Status Flags
r-devel-linux-x86_64-debian-clang 0.1.1 2.48 30.92 33.40 NOTE
r-devel-linux-x86_64-debian-gcc 0.1.1 1.99 24.94 26.93 NOTE
r-devel-linux-x86_64-fedora-clang 0.1.1 43.69 NOTE
r-devel-linux-x86_64-fedora-gcc 0.1.1 32.80 NOTE
r-devel-windows-x86_64-new-UL 0.1.1 18.00 56.00 74.00 NOTE
r-devel-windows-x86_64-new-TK 0.1.1 NOTE
r-patched-linux-x86_64 0.1.1 1.94 30.43 32.37 NOTE
r-release-linux-x86_64 0.1.1 2.07 29.91 31.98 NOTE
r-release-macos-arm64 0.1.1 NOTE
r-release-macos-x86_64 0.1.1 NOTE
r-release-windows-ix86+x86_64 0.1.1 7.00 47.00 54.00 NOTE
r-oldrel-macos-x86_64 0.1.1 OK
r-oldrel-windows-ix86+x86_64 0.1.1 7.00 49.00 56.00 OK

Check Details

Version: 0.1.1
Check: LazyData
Result: NOTE
     'LazyData' is specified without a 'data' directory
Flavors: r-devel-linux-x86_64-debian-clang, r-devel-linux-x86_64-debian-gcc, r-devel-linux-x86_64-fedora-clang, r-devel-linux-x86_64-fedora-gcc, r-devel-windows-x86_64-new-UL, r-devel-windows-x86_64-new-TK, r-patched-linux-x86_64, r-release-linux-x86_64, r-release-macos-arm64, r-release-macos-x86_64, r-release-windows-ix86+x86_64