CRAN Package Check Results for Package biwavelet

Last updated on 2024-02-29 05:56:10 CET.

Flavor Version Tinstall Tcheck Ttotal Status Flags
r-devel-linux-x86_64-debian-clang 0.20.21 45.94 74.68 120.62 OK
r-devel-linux-x86_64-debian-gcc 0.20.21 40.11 55.39 95.50 OK
r-devel-linux-x86_64-fedora-clang 0.20.21 179.19 NOTE
r-devel-linux-x86_64-fedora-gcc 0.20.21 167.84 OK
r-devel-windows-x86_64 0.20.21 41.00 96.00 137.00 OK
r-patched-linux-x86_64 0.20.21 47.13 71.43 118.56 OK
r-release-linux-x86_64 0.20.21 44.53 72.16 116.69 OK
r-release-macos-arm64 0.20.21 51.00 OK
r-release-macos-x86_64 0.20.21 89.00 OK
r-release-windows-x86_64 0.20.21 51.00 113.00 164.00 OK
r-oldrel-macos-arm64 0.20.21 51.00 OK
r-oldrel-windows-x86_64 0.20.21 47.00 107.00 154.00 OK

Check Details

Version: 0.20.21
Check: Rd cross-references
Result: NOTE Undeclared package ‘RColorBrewer’ in Rd xrefs Flavor: r-devel-linux-x86_64-fedora-clang