CRAN Package Check Results for Package bizdays

Last updated on 2020-10-30 13:48:55 CET.

Flavor Version Tinstall Tcheck Ttotal Status Flags
r-devel-linux-x86_64-debian-clang 1.0.6 5.20 53.19 58.39 OK
r-devel-linux-x86_64-debian-gcc 1.0.6 3.97 39.85 43.82 OK
r-devel-linux-x86_64-fedora-clang 1.0.6 77.31 NOTE
r-devel-linux-x86_64-fedora-gcc 1.0.6 68.99 NOTE
r-devel-windows-ix86+x86_64 1.0.6 13.00 107.00 120.00 OK
r-patched-linux-x86_64 1.0.6 4.70 50.76 55.46 OK
r-patched-solaris-x86 1.0.6 101.50 NOTE
r-release-linux-x86_64 1.0.6 5.16 50.37 55.53 OK
r-release-macos-x86_64 1.0.6 OK
r-release-windows-ix86+x86_64 1.0.6 13.00 107.00 120.00 OK
r-oldrel-macos-x86_64 1.0.6 OK
r-oldrel-windows-ix86+x86_64 1.0.6 40.00 101.00 141.00 OK

Check Details

Version: 1.0.6
Check: package dependencies
Result: NOTE
    Package suggested but not available for checking: ‘RQuantLib’
Flavors: r-devel-linux-x86_64-fedora-clang, r-devel-linux-x86_64-fedora-gcc, r-patched-solaris-x86