CRAN Package Check Results for Package bkmr

Last updated on 2019-03-24 09:46:32 CET.

Flavor Version Tinstall Tcheck Ttotal Status Flags
r-devel-linux-x86_64-debian-clang 0.2.0 8.52 63.50 72.02 OK
r-devel-linux-x86_64-debian-gcc 0.2.0 7.78 50.84 58.62 OK
r-devel-linux-x86_64-fedora-clang 0.2.0 86.50 OK
r-devel-linux-x86_64-fedora-gcc 0.2.0 82.28 OK
r-devel-windows-ix86+x86_64 0.2.0 22.00 97.00 119.00 OK
r-patched-linux-x86_64 0.2.0 6.10 61.00 67.10 OK
r-patched-solaris-x86 0.2.0 121.60 OK
r-release-linux-x86_64 0.2.0 0.32 2.25 2.57 ERROR
r-release-windows-ix86+x86_64 0.2.0 11.00 72.00 83.00 OK
r-release-osx-x86_64 0.2.0 OK
r-oldrel-windows-ix86+x86_64 0.2.0 9.00 82.00 91.00 OK
r-oldrel-osx-x86_64 0.2.0 OK

Check Details

Version: 0.2.0
Check: whether package can be installed
Result: ERROR
    Installation failed.
Flavor: r-release-linux-x86_64