CRAN Package Check Results for Package blandr

Last updated on 2019-09-21 00:52:36 CEST.

Flavor Version Tinstall Tcheck Ttotal Status Flags
r-devel-linux-x86_64-debian-clang 0.5.1 14.26 50.58 64.84 OK
r-devel-linux-x86_64-debian-gcc 0.5.1 11.41 39.42 50.83 OK
r-devel-linux-x86_64-fedora-clang 0.5.1 79.24 NOTE
r-devel-linux-x86_64-fedora-gcc 0.5.1 76.86 NOTE
r-devel-windows-ix86+x86_64 0.5.1 40.00 72.00 112.00 OK
r-patched-linux-x86_64 0.5.1 12.61 48.53 61.14 OK
r-patched-solaris-x86 0.5.1 112.00 NOTE
r-release-linux-x86_64 0.5.1 12.01 49.13 61.14 OK
r-release-windows-ix86+x86_64 0.5.1 24.00 67.00 91.00 OK
r-release-osx-x86_64 0.5.1 NOTE
r-oldrel-windows-ix86+x86_64 0.5.1 18.00 63.00 81.00 OK
r-oldrel-osx-x86_64 0.5.1 NOTE

Check Details

Version: 0.5.1
Check: dependencies in R code
Result: NOTE
    Namespaces in Imports field not imported from:
     ‘R6’ ‘knitr’
     All declared Imports should be used.
Flavors: r-devel-linux-x86_64-fedora-clang, r-devel-linux-x86_64-fedora-gcc, r-patched-solaris-x86, r-release-osx-x86_64, r-oldrel-osx-x86_64