CRAN Package Check Results for Package blandr

Last updated on 2019-03-22 23:52:50 CET.

Flavor Version Tinstall Tcheck Ttotal Status Flags
r-devel-linux-x86_64-debian-clang 0.5.1 16.17 50.19 66.36 OK
r-devel-linux-x86_64-debian-gcc 0.5.1 10.16 40.02 50.18 OK
r-devel-linux-x86_64-fedora-clang 0.5.1 78.15 NOTE
r-devel-linux-x86_64-fedora-gcc 0.5.1 74.06 NOTE
r-devel-windows-ix86+x86_64 0.5.1 30.00 97.00 127.00 OK
r-patched-linux-x86_64 0.5.1 12.69 48.86 61.55 OK
r-patched-solaris-x86 0.5.1 105.80 NOTE
r-release-linux-x86_64 0.5.1 11.20 48.52 59.72 OK
r-release-windows-ix86+x86_64 0.5.1 18.00 72.00 90.00 OK
r-release-osx-x86_64 0.5.1 NOTE
r-oldrel-windows-ix86+x86_64 0.5.1 15.00 115.00 130.00 OK
r-oldrel-osx-x86_64 0.5.1 NOTE

Check Details

Version: 0.5.1
Check: dependencies in R code
Result: NOTE
    Namespaces in Imports field not imported from:
     ‘R6’ ‘knitr’
     All declared Imports should be used.
Flavors: r-devel-linux-x86_64-fedora-clang, r-devel-linux-x86_64-fedora-gcc, r-patched-solaris-x86, r-release-osx-x86_64, r-oldrel-osx-x86_64