CRAN Package Check Results for Package blandr

Last updated on 2019-11-13 12:46:52 CET.

Flavor Version Tinstall Tcheck Ttotal Status Flags
r-devel-linux-x86_64-debian-clang 0.5.1 14.38 52.27 66.65 OK
r-devel-linux-x86_64-debian-gcc 0.5.1 12.17 40.08 52.25 OK
r-devel-linux-x86_64-fedora-clang 0.5.1 84.39 NOTE
r-devel-linux-x86_64-fedora-gcc 0.5.1 79.12 NOTE
r-devel-windows-ix86+x86_64 0.5.1 39.00 119.00 158.00 OK
r-patched-linux-x86_64 0.5.1 11.70 49.60 61.30 OK
r-patched-solaris-x86 0.5.1 114.90 NOTE
r-release-linux-x86_64 0.5.1 13.27 49.86 63.13 OK
r-release-windows-ix86+x86_64 0.5.1 30.00 93.00 123.00 OK
r-release-osx-x86_64 0.5.1 NOTE
r-oldrel-windows-ix86+x86_64 0.5.1 16.00 102.00 118.00 OK
r-oldrel-osx-x86_64 0.5.1 NOTE

Check Details

Version: 0.5.1
Check: dependencies in R code
Result: NOTE
    Namespaces in Imports field not imported from:
     ‘R6’ ‘knitr’
     All declared Imports should be used.
Flavors: r-devel-linux-x86_64-fedora-clang, r-devel-linux-x86_64-fedora-gcc, r-patched-solaris-x86, r-release-osx-x86_64, r-oldrel-osx-x86_64