CRAN Package Check Results for Package blandr

Last updated on 2021-01-20 01:48:44 CET.

Flavor Version Tinstall Tcheck Ttotal Status Flags
r-devel-linux-x86_64-debian-clang 0.5.1 15.62 61.45 77.07 OK
r-devel-linux-x86_64-debian-gcc 0.5.1 11.24 47.68 58.92 OK
r-devel-linux-x86_64-fedora-clang 0.5.1 105.55 NOTE
r-devel-linux-x86_64-fedora-gcc 0.5.1 93.90 NOTE
r-devel-windows-ix86+x86_64 0.5.1 18.00 62.00 80.00 ERROR
r-patched-linux-x86_64 0.5.1 15.74 57.80 73.54 OK
r-patched-solaris-x86 0.5.1 122.80 NOTE
r-release-linux-x86_64 0.5.1 11.87 58.09 69.96 OK
r-release-macos-x86_64 0.5.1 NOTE
r-release-windows-ix86+x86_64 0.5.1 23.00 55.00 78.00 ERROR
r-oldrel-macos-x86_64 0.5.1 NOTE
r-oldrel-windows-ix86+x86_64 0.5.1 20.00 55.00 75.00 ERROR

Check Details

Version: 0.5.1
Check: dependencies in R code
Result: NOTE
    Namespaces in Imports field not imported from:
     ‘R6’ ‘knitr’
     All declared Imports should be used.
Flavors: r-devel-linux-x86_64-fedora-clang, r-devel-linux-x86_64-fedora-gcc, r-patched-solaris-x86, r-release-macos-x86_64, r-oldrel-macos-x86_64

Version: 0.5.1
Check: examples
Result: ERROR
    Running examples in 'blandr-Ex.R' failed
    The error most likely occurred in:
    
    > ### Name: blandr.dataset.fibre
    > ### Title: Function to load D'arbela mean velocity of circumferential fibre
    > ### shortening dataset from internet
    > ### Aliases: blandr.dataset.fibre
    >
    > ### ** Examples
    >
    > blandr.dataset.fibre()
    Warning in file(con, "r") :
     InternetOpenUrl failed: 'Die Serververbindung konnte nicht hergestellt werden.'
    Error in file(con, "r") : cannot open the connection
    Calls: blandr.dataset.fibre -> readLines -> file
    Execution halted
Flavors: r-devel-windows-ix86+x86_64, r-release-windows-ix86+x86_64, r-oldrel-windows-ix86+x86_64