CRAN Package Check Results for Package blandr

Last updated on 2019-05-23 14:48:57 CEST.

Flavor Version Tinstall Tcheck Ttotal Status Flags
r-devel-linux-x86_64-debian-clang 0.5.1 14.43 51.63 66.06 OK
r-devel-linux-x86_64-debian-gcc 0.5.1 11.58 40.28 51.86 OK
r-devel-linux-x86_64-fedora-clang 0.5.1 77.10 NOTE
r-devel-linux-x86_64-fedora-gcc 0.5.1 74.55 NOTE
r-devel-windows-ix86+x86_64 0.5.1 24.00 69.00 93.00 OK
r-patched-linux-x86_64 0.5.1 11.57 50.21 61.78 OK
r-patched-solaris-x86 0.5.1 116.90 NOTE
r-release-linux-x86_64 0.5.1 14.26 50.41 64.67 OK
r-release-windows-ix86+x86_64 0.5.1 31.00 92.00 123.00 OK
r-release-osx-x86_64 0.5.1 NOTE
r-oldrel-windows-ix86+x86_64 0.5.1 16.00 65.00 81.00 OK
r-oldrel-osx-x86_64 0.5.1 NOTE

Check Details

Version: 0.5.1
Check: dependencies in R code
Result: NOTE
    Namespaces in Imports field not imported from:
     ‘R6’ ‘knitr’
     All declared Imports should be used.
Flavors: r-devel-linux-x86_64-fedora-clang, r-devel-linux-x86_64-fedora-gcc, r-patched-solaris-x86, r-release-osx-x86_64, r-oldrel-osx-x86_64