Last updated on 2023-12-04 07:02:59 CET.
Flavor | Version | Tinstall | Tcheck | Ttotal | Status | Flags |
---|---|---|---|---|---|---|
r-devel-linux-x86_64-debian-clang | 1.0.7 | 71.24 | 26.95 | 98.19 | OK | |
r-devel-linux-x86_64-debian-gcc | 1.0.7 | 46.98 | 21.11 | 68.09 | OK | |
r-devel-linux-x86_64-fedora-clang | 1.0.7 | 135.92 | OK | |||
r-devel-linux-x86_64-fedora-gcc | 1.0.7 | 132.06 | OK | |||
r-devel-windows-x86_64 | 1.0.7 | 43.00 | 65.00 | 108.00 | OK | |
r-patched-linux-x86_64 | 1.0.7 | 63.36 | 26.14 | 89.50 | OK | |
r-release-linux-x86_64 | 1.0.7 | 62.17 | 26.47 | 88.64 | OK | |
r-release-macos-arm64 | 1.0.7 | 35.00 | NOTE | |||
r-release-macos-x86_64 | 1.0.7 | 71.00 | NOTE | |||
r-release-windows-x86_64 | 1.0.7 | 47.00 | 70.00 | 117.00 | OK | |
r-oldrel-macos-arm64 | 1.0.7 | 37.00 | NOTE | |||
r-oldrel-macos-x86_64 | 1.0.7 | 51.00 | NOTE | |||
r-oldrel-windows-x86_64 | 1.0.7 | 52.00 | 69.00 | 121.00 | OK |
Version: 1.0.7
Check: installed package size
Result: NOTE
installed size is 6.6Mb
sub-directories of 1Mb or more:
libs 6.5Mb
Flavors: r-release-macos-arm64, r-release-macos-x86_64, r-oldrel-macos-arm64, r-oldrel-macos-x86_64