CRAN Package Check Results for Package blastula

Last updated on 2022-10-05 16:48:53 CEST.

Flavor Version Tinstall Tcheck Ttotal Status Flags
r-devel-linux-x86_64-debian-clang 0.3.2 6.28 73.57 79.85 NOTE
r-devel-linux-x86_64-debian-gcc 0.3.2 4.57 57.49 62.06 NOTE
r-devel-linux-x86_64-fedora-clang 0.3.2 112.52 NOTE
r-devel-linux-x86_64-fedora-gcc 0.3.2 103.59 NOTE
r-devel-windows-x86_64 0.3.2 146.00 140.00 286.00 NOTE
r-patched-linux-x86_64 0.3.2 5.19 68.84 74.03 NOTE
r-release-linux-x86_64 0.3.2 5.38 71.05 76.43 NOTE
r-release-macos-arm64 0.3.2 32.00 NOTE
r-release-macos-x86_64 0.3.2 64.00 NOTE
r-release-windows-x86_64 0.3.2 126.00 127.00 253.00 NOTE
r-oldrel-macos-arm64 0.3.2 41.00 NOTE
r-oldrel-macos-x86_64 0.3.2 62.00 NOTE
r-oldrel-windows-ix86+x86_64 0.3.2 13.00 111.00 124.00 NOTE

Check Details

Version: 0.3.2
Check: LazyData
Result: NOTE
     'LazyData' is specified without a 'data' directory
Flavors: r-devel-linux-x86_64-debian-clang, r-devel-linux-x86_64-debian-gcc, r-devel-linux-x86_64-fedora-clang, r-devel-linux-x86_64-fedora-gcc, r-devel-windows-x86_64, r-patched-linux-x86_64, r-release-linux-x86_64, r-release-macos-arm64, r-release-macos-x86_64, r-release-windows-x86_64, r-oldrel-macos-arm64, r-oldrel-macos-x86_64, r-oldrel-windows-ix86+x86_64