Last updated on 2023-09-28 20:56:39 CEST.
Flavor | Version | Tinstall | Tcheck | Ttotal | Status | Flags |
---|---|---|---|---|---|---|
r-devel-linux-x86_64-debian-clang | 0.5-1 | 1105.36 | 353.63 | 1458.99 | NOTE | |
r-devel-linux-x86_64-debian-gcc | 0.5-2 | 694.72 | 262.81 | 957.53 | NOTE | |
r-devel-linux-x86_64-fedora-clang | 0.5-2 | 1786.85 | NOTE | |||
r-devel-linux-x86_64-fedora-gcc | 0.5-2 | 1861.22 | NOTE | |||
r-devel-windows-x86_64 | 0.5-2 | 507.00 | 295.00 | 802.00 | NOTE | |
r-patched-linux-x86_64 | 0.5-2 | 0.01 | 2.16 | 2.17 | ERROR | |
r-release-linux-x86_64 | 0.5-2 | 0.01 | 2.28 | 2.29 | ERROR | |
r-release-macos-arm64 | 0.5-2 | 459.00 | NOTE | |||
r-release-macos-x86_64 | 0.5-2 | 799.00 | NOTE | |||
r-release-windows-x86_64 | 0.5-2 | 490.00 | 332.00 | 822.00 | NOTE | |
r-oldrel-macos-arm64 | 0.5-2 | 467.00 | NOTE | |||
r-oldrel-macos-x86_64 | 0.5-2 | 521.00 | ERROR | |||
r-oldrel-windows-x86_64 | 0.5-2 | 474.00 | 350.00 | 824.00 | NOTE |
Version: 0.5-1
Check: package dependencies
Result: NOTE
Package suggested but not available for checking: ‘cmdstanr’
Flavor: r-devel-linux-x86_64-debian-clang
Version: 0.5-1
Check: for GNU extensions in Makefiles
Result: NOTE
GNU make is a SystemRequirements.
Flavor: r-devel-linux-x86_64-debian-clang
Version: 0.5-2
Check: package dependencies
Result: NOTE
Package suggested but not available for checking: ‘cmdstanr’
Flavors: r-devel-linux-x86_64-debian-gcc, r-devel-linux-x86_64-fedora-clang, r-devel-linux-x86_64-fedora-gcc, r-devel-windows-x86_64, r-patched-linux-x86_64, r-release-linux-x86_64, r-release-macos-arm64, r-release-macos-x86_64, r-release-windows-x86_64, r-oldrel-macos-arm64, r-oldrel-macos-x86_64, r-oldrel-windows-x86_64
Version: 0.5-2
Check: for GNU extensions in Makefiles
Result: NOTE
GNU make is a SystemRequirements.
Flavors: r-devel-linux-x86_64-debian-gcc, r-devel-linux-x86_64-fedora-clang, r-devel-linux-x86_64-fedora-gcc, r-devel-windows-x86_64, r-release-macos-arm64, r-release-macos-x86_64, r-release-windows-x86_64, r-oldrel-macos-arm64, r-oldrel-windows-x86_64
Version: 0.5-2
Check: installed package size
Result: NOTE
installed size is 10.2Mb
sub-directories of 1Mb or more:
R 1.2Mb
libs 7.3Mb
testdata 1.4Mb
Flavors: r-devel-linux-x86_64-fedora-clang, r-devel-windows-x86_64, r-release-macos-arm64, r-release-macos-x86_64, r-release-windows-x86_64, r-oldrel-macos-arm64, r-oldrel-windows-x86_64
Version: 0.5-2
Check: whether package can be installed
Result: ERROR
Installation failed.
Flavors: r-patched-linux-x86_64, r-release-linux-x86_64, r-oldrel-macos-x86_64