CRAN Package Check Results for Package blockcluster

Last updated on 2021-12-06 11:51:49 CET.

Flavor Version Tinstall Tcheck Ttotal Status Flags
r-devel-linux-x86_64-debian-clang 4.5.1 407.69 69.53 477.22 OK
r-devel-linux-x86_64-debian-gcc 4.5.1 355.09 54.55 409.64 OK
r-devel-linux-x86_64-fedora-clang 4.5.1 781.76 NOTE
r-devel-linux-x86_64-fedora-gcc 4.5.1 744.28 OK
r-devel-windows-x86_64-new-UL 4.5.1 516.00 182.00 698.00 OK
r-devel-windows-x86_64-new-TK 4.5.1 OK
r-devel-windows-x86_64-old 4.5.1 524.00 84.00 608.00 OK
r-patched-linux-x86_64 4.5.1 409.83 58.65 468.48 OK
r-release-linux-x86_64 4.5.1 408.22 66.65 474.87 OK
r-release-macos-arm64 4.5.1 NOTE
r-release-macos-x86_64 4.5.1 NOTE
r-release-windows-ix86+x86_64 4.5.1 1047.00 141.00 1188.00 NOTE
r-oldrel-macos-x86_64 4.5.1 NOTE
r-oldrel-windows-ix86+x86_64 4.5.1 1052.00 146.00 1198.00 NOTE

Check Details

Version: 4.5.1
Check: installed package size
Result: NOTE
     installed size is 36.8Mb
     sub-directories of 1Mb or more:
     libs 35.5Mb
Flavors: r-devel-linux-x86_64-fedora-clang, r-release-macos-arm64, r-release-macos-x86_64, r-release-windows-ix86+x86_64, r-oldrel-macos-x86_64, r-oldrel-windows-ix86+x86_64