CRAN Package Check Results for Package blockcluster

Last updated on 2020-02-27 18:49:54 CET.

Flavor Version Tinstall Tcheck Ttotal Status Flags
r-devel-linux-x86_64-debian-clang 4.4.3 458.42 58.81 517.23 OK
r-devel-linux-x86_64-debian-gcc 4.4.3 355.48 46.59 402.07 OK
r-devel-linux-x86_64-fedora-clang 4.4.3 754.14 NOTE
r-devel-linux-x86_64-fedora-gcc 4.4.3 762.15 OK
r-devel-windows-ix86+x86_64 4.4.3 868.00 119.00 987.00 NOTE
r-devel-windows-ix86+x86_64-gcc8 4.4.3 905.00 115.00 1020.00 NOTE
r-patched-linux-x86_64 4.4.3 423.27 54.68 477.95 OK
r-patched-solaris-x86 4.4.3 2405.20 ERROR
r-release-linux-x86_64 4.4.3 433.80 54.23 488.03 OK
r-release-windows-ix86+x86_64 4.4.3 812.00 119.00 931.00 NOTE
r-release-osx-x86_64 4.4.3 NOTE
r-oldrel-windows-ix86+x86_64 4.4.3 663.00 109.00 772.00 NOTE
r-oldrel-osx-x86_64 4.4.3 NOTE

Additional issues

clang-UBSAN gcc-UBSAN valgrind

Check Details

Version: 4.4.3
Check: installed package size
Result: NOTE
     installed size is 57.2Mb
     sub-directories of 1Mb or more:
     libs 55.9Mb
Flavors: r-devel-linux-x86_64-fedora-clang, r-devel-windows-ix86+x86_64, r-devel-windows-ix86+x86_64-gcc8, r-release-windows-ix86+x86_64, r-release-osx-x86_64, r-oldrel-windows-ix86+x86_64, r-oldrel-osx-x86_64

Version: 4.4.3
Check: examples
Result: ERROR
    Running examples in ‘blockcluster-Ex.R’ failed
    The error most likely occurred in:
    
    > ### Name: blockcluster
    > ### Title: Co-Clustering Package
    > ### Aliases: blockcluster
    >
    > ### ** Examples
    >
    >
    > ## Simple example with simulated binary data
    > ## load data
    > data(binarydata)
    > ## usage of coclusterBinary function in its most simplest form
    > out<-coclusterBinary(binarydata,nbcocluster=c(2,3))
Flavor: r-patched-solaris-x86

Version: 4.4.3
Check: re-building of vignette outputs
Result: WARN
    Error(s) in re-building vignettes:
     ...
    --- re-building ‘blockcluster_tutorial.Rnw’ using Sweave
    Loading required package: rtkore
    Loading required package: Rcpp
    
    Attaching package: ‘rtkore’
    
    The following object is masked from ‘package:Rcpp’:
    
     LdFlags
    
    blockcluster version 4.4.3 loaded
    
    ----------------
    Copyright (C) <MODAL team @INRIA,Lille & U.M.R. C.N.R.S. 6599 Heudiasyc, UTC>
    Please post questions and bugs at: <https://gforge.inria.fr/forum/forum.php?forum_id=11190&group_id=3679>
    
    
     *** caught segfault ***
    address 38a566b4, cause 'memory not mapped'
    
     *** caught segfault ***
    address 8195dc2, cause 'memory not mapped'
Flavor: r-patched-solaris-x86